{"id":13347,"date":"2019-05-14T16:52:28","date_gmt":"2019-05-14T14:52:28","guid":{"rendered":"http:\/\/www.bs-ti.be\/home\/?page_id=13347"},"modified":"2025-09-02T08:20:29","modified_gmt":"2025-09-02T06:20:29","slug":"pb","status":"publish","type":"page","link":"https:\/\/www.bs-ti.be\/home\/ti\/pb\/","title":{"rendered":"Die Polyvalente Ausbildung"},"content":{"rendered":"<div id='av-layout-grid-1'  class='av-layout-grid-container av-1i4o0ch-8a9d204c3fde6df58cea92daafb5a515 entry-content-wrapper main_color av-flex-cells  avia-builder-el-0  el_before_av_one_full  avia-builder-el-first   container_wrap sidebar_right'  >\n\n<style type=\"text\/css\" data-created_by=\"avia_inline_auto\" id=\"style-css-av-jslrebqf-41ea07491f708bf3552647b6947794c3\">\n.flex_cell.av-jslrebqf-41ea07491f708bf3552647b6947794c3{\nvertical-align:top;\n}\n.responsive #top #wrap_all .flex_cell.av-jslrebqf-41ea07491f708bf3552647b6947794c3{\npadding:30px 0px 0px 0px !important;\n}\n<\/style>\n<div class='flex_cell av-jslrebqf-41ea07491f708bf3552647b6947794c3 av-gridrow-cell av_one_full no_margin  avia-builder-el-1  avia-builder-el-no-sibling  content-align-top'  ><div class='flex_cell_inner'><p>\n<style type=\"text\/css\" data-created_by=\"avia_inline_auto\" id=\"style-css-av-417vtt-795c79977eec5eeba7a7cda40fd13c67\">\n.flex_column.av-417vtt-795c79977eec5eeba7a7cda40fd13c67{\nborder-radius:0px 0px 0px 0px;\npadding:0px 0px 0px 0px;\n}\n<\/style>\n<div  class='flex_column av-417vtt-795c79977eec5eeba7a7cda40fd13c67 av_one_full  avia-builder-el-2  el_before_av_one_full  avia-builder-el-first  first flex_column_div av-zero-column-padding  '     ><div  class='avia-slideshow av-jslrcbj5-b729a55939381a7d540851aa1157f440 avia-slideshow-no scaling av_slideshow avia-slide-slider  avia-builder-el-3  avia-builder-el-no-sibling  av-slideshow-ui av-control-default av-slideshow-manual av-loop-once av-loop-manual-endless av-default-height-applied avia-slideshow-1' data-slideshow-options=\"{&quot;animation&quot;:&quot;slide&quot;,&quot;autoplay&quot;:false,&quot;loop_autoplay&quot;:&quot;once&quot;,&quot;interval&quot;:5,&quot;loop_manual&quot;:&quot;manual-endless&quot;,&quot;autoplay_stopper&quot;:false,&quot;noNavigation&quot;:false,&quot;bg_slider&quot;:false,&quot;keep_padding&quot;:false,&quot;hoverpause&quot;:false,&quot;show_slide_delay&quot;:0}\"  itemprop=\"image\" itemscope=\"itemscope\" itemtype=\"https:\/\/schema.org\/ImageObject\" ><ul class='avia-slideshow-inner ' style='padding-bottom: 20%;'><li  class='avia-slideshow-slide av-jslrcbj5-b729a55939381a7d540851aa1157f440__0  av-single-slide slide-1 slide-odd'><div data-rel='slideshow-1' class='avia-slide-wrap '   ><img decoding=\"async\" fetchpriority=\"high\" class=\"wp-image-13412 avia-img-lazy-loading-not-13412\"  src=\"https:\/\/www.bs-ti.be\/home\/wp-content\/uploads\/TZU-4.jpg\" width=\"500\" height=\"100\" title='1-2 Jahr' alt=''  itemprop=\"thumbnailUrl\" srcset=\"https:\/\/www.bs-ti.be\/home\/wp-content\/uploads\/TZU-4.jpg 500w, https:\/\/www.bs-ti.be\/home\/wp-content\/uploads\/TZU-4-495x100.jpg 495w, https:\/\/www.bs-ti.be\/home\/wp-content\/uploads\/TZU-4-450x90.jpg 450w\" sizes=\"(max-width: 500px) 100vw, 500px\" \/><\/div><\/li><\/ul><\/div><\/div>\n<style type=\"text\/css\" data-created_by=\"avia_inline_auto\" id=\"style-css-av-jslnbita-499bf61de8f7cf1a59166df352d0e660\">\n#top .flex_column.av-jslnbita-499bf61de8f7cf1a59166df352d0e660{\nmargin-top:-15%;\nmargin-bottom:0px;\n}\n.flex_column.av-jslnbita-499bf61de8f7cf1a59166df352d0e660{\nborder-radius:0px 0px 0px 0px;\npadding:0px 0px 0px 0px;\nbackground-color:rgba(10,10,10,0.2);\n}\n.responsive #top #wrap_all .flex_column.av-jslnbita-499bf61de8f7cf1a59166df352d0e660{\nmargin-top:-15%;\nmargin-bottom:0px;\n}\n<\/style>\n<div  class='flex_column av-jslnbita-499bf61de8f7cf1a59166df352d0e660 av_one_full  avia-builder-el-4  el_after_av_one_full  avia-builder-el-last  first no_margin flex_column_div av-zero-column-padding  column-top-margin'     ><style type=\"text\/css\" data-created_by=\"avia_inline_auto\" id=\"style-css-av-jqrt86b2-4d1b1b02ab13bb1531b1a42a2046e882\">\n#top .av_textblock_section.av-jqrt86b2-4d1b1b02ab13bb1531b1a42a2046e882 .avia_textblock{\nfont-size:40px;\ncolor:#ffffff;\n}\n\n@media only screen and (min-width: 768px) and (max-width: 989px){ \n#top .av_textblock_section.av-jqrt86b2-4d1b1b02ab13bb1531b1a42a2046e882 .avia_textblock{\nfont-size:30px;\n}\n}\n\n@media only screen and (min-width: 480px) and (max-width: 767px){ \n#top .av_textblock_section.av-jqrt86b2-4d1b1b02ab13bb1531b1a42a2046e882 .avia_textblock{\nfont-size:20px;\n}\n}\n\n@media only screen and (max-width: 479px){ \n#top .av_textblock_section.av-jqrt86b2-4d1b1b02ab13bb1531b1a42a2046e882 .avia_textblock{\nfont-size:15px;\n}\n}\n<\/style>\n<section  class='av_textblock_section av-jqrt86b2-4d1b1b02ab13bb1531b1a42a2046e882 '   itemscope=\"itemscope\" itemtype=\"https:\/\/schema.org\/CreativeWork\" ><div class='avia_textblock av_inherit_color'  itemprop=\"text\" ><p style=\"text-align: center;\"><b>DIE BERUFSBILDENDE POLYVALENTE AUSBILDUNG (PB)<\/b><\/p>\n<\/div><\/section><br \/>\n\n<style type=\"text\/css\" data-created_by=\"avia_inline_auto\" id=\"style-css-av-jqrt86b2-9-0a43e1fa45974601a62a1e5a101f8bfa\">\n#top .av_textblock_section.av-jqrt86b2-9-0a43e1fa45974601a62a1e5a101f8bfa .avia_textblock{\nfont-size:20px;\ncolor:#ffffff;\n}\n\n@media only screen and (min-width: 768px) and (max-width: 989px){ \n#top .av_textblock_section.av-jqrt86b2-9-0a43e1fa45974601a62a1e5a101f8bfa .avia_textblock{\nfont-size:30px;\n}\n}\n\n@media only screen and (min-width: 480px) and (max-width: 767px){ \n#top .av_textblock_section.av-jqrt86b2-9-0a43e1fa45974601a62a1e5a101f8bfa .avia_textblock{\nfont-size:20px;\n}\n}\n\n@media only screen and (max-width: 479px){ \n#top .av_textblock_section.av-jqrt86b2-9-0a43e1fa45974601a62a1e5a101f8bfa .avia_textblock{\nfont-size:15px;\n}\n}\n<\/style>\n<section  class='av_textblock_section av-jqrt86b2-9-0a43e1fa45974601a62a1e5a101f8bfa '   itemscope=\"itemscope\" itemtype=\"https:\/\/schema.org\/CreativeWork\" ><div class='avia_textblock av_inherit_color'  itemprop=\"text\" ><p style=\"text-align: center;\"><b>(3. Jahr)<\/b><\/p>\n<\/div><\/section><\/p><\/div><\/p>\n<\/div><\/div>\n<\/div><div id='after_grid_row_1'  class='main_color av_default_container_wrap container_wrap sidebar_right'  ><div class='container av-section-cont-open' ><div class='template-page content  av-content-small alpha units'><div class='post-entry post-entry-type-page post-entry-13347'><div class='entry-content-wrapper clearfix'>\n\n<style type=\"text\/css\" data-created_by=\"avia_inline_auto\" id=\"style-css-av-jsludwpt-3f55ce64c04eb0556cfb8c8fe5165bf8\">\n.flex_column.av-jsludwpt-3f55ce64c04eb0556cfb8c8fe5165bf8{\nborder-radius:0px 0px 0px 0px;\npadding:0px 0px 0px 0px;\n}\n<\/style>\n<div  class='flex_column av-jsludwpt-3f55ce64c04eb0556cfb8c8fe5165bf8 av_one_full  avia-builder-el-7  el_after_av_layout_row  el_before_av_hr  avia-builder-el-first  first flex_column_div  '     ><section  class='av_textblock_section av-jsltomol-7-bb34ec1e3348007d51b24dae9588dc12 '   itemscope=\"itemscope\" itemtype=\"https:\/\/schema.org\/CreativeWork\" ><div class='avia_textblock'  itemprop=\"text\" ><p>Ziel dieser Abteilung ist es, den Sch\u00fcler auf eine berufliche Ausbildung vorzubereiten. Ein Ausgleich der vorhandenen Defizite sowie die St\u00e4rkung des Selbstbewusstseins werden angestrebt. Aus diesem Grund werden die Hauptf\u00e4cher in Kleingruppen unterrichtet.<\/p>\n<\/div><\/section><\/div>\n<style type=\"text\/css\" data-created_by=\"avia_inline_auto\" id=\"style-css-av-jspx5zad-2b08060b9019c38ee17f89af1926324c\">\n#top .hr.hr-invisible.av-jspx5zad-2b08060b9019c38ee17f89af1926324c{\nheight:25px;\n}\n<\/style>\n<div  class='hr av-jspx5zad-2b08060b9019c38ee17f89af1926324c hr-invisible  avia-builder-el-9  el_after_av_one_full  el_before_av_textblock '><span class='hr-inner '><span class=\"hr-inner-style\"><\/span><\/span><\/div><\/p>\n<section  class='av_textblock_section av-jsltomol-6-7eaae13aee823aafbbfbdd6e24561d30 '   itemscope=\"itemscope\" itemtype=\"https:\/\/schema.org\/CreativeWork\" ><div class='avia_textblock'  itemprop=\"text\" ><p><strong>PERSPEKTIVEN<\/strong>:<\/p>\n<p>Hier kann die Sch\u00fclerin\/der Sch\u00fcler unter anderem durch verschiedene Schnupperpraktika (insgesamt 9 Wochen) neue Berufe kennenlernt und dadurch seine Berufswahl eingrenzt.<\/p>\n<p>Nach erfolgreichem Abschluss der 3.PB (GAT) stehen dem Sch\u00fcler dann folgende M\u00f6glichkeiten offen:<\/p>\n<p>&#8211; Einstieg in eine Lehre<br \/>\n&#8211; Besuch einer 3. Klasse der berufsbildenden Abteilung, insofern der Klassenrat diese Empfehlung ausspricht.<br \/>\n&#8211; Teilnahme am Teilzeitunterricht<\/p>\n<\/div><\/section>\n\n<style type=\"text\/css\" data-created_by=\"avia_inline_auto\" id=\"style-css-av-15xvkf7-258bfa505c47cc8f7c37b34637662384\">\n#top .hr.hr-invisible.av-15xvkf7-258bfa505c47cc8f7c37b34637662384{\nheight:25px;\n}\n<\/style>\n<div  class='hr av-15xvkf7-258bfa505c47cc8f7c37b34637662384 hr-invisible  avia-builder-el-11  el_after_av_textblock  el_before_av_textblock '><span class='hr-inner '><span class=\"hr-inner-style\"><\/span><\/span><\/div>\n<section  class='av_textblock_section av-jsltomol-5-c7d140268ead146cadc3507dd6c49170 '   itemscope=\"itemscope\" itemtype=\"https:\/\/schema.org\/CreativeWork\" ><div class='avia_textblock'  itemprop=\"text\" ><p><strong>Zus\u00e4tzlich zur Grundausbildung besucht der Sch\u00fcler folgende Projekte<\/strong>:<\/p>\n<ul>\n<li><strong>Werken<\/strong>: 6 St.<br \/>\nDie Zielsetzung des Werkunterrichtes ist es, den Sch\u00fclern das Gef\u00fchl und ein Auge f\u00fcr die aus Holz und Metall gefertigten Gegenst\u00e4nde zu geben. Der Umgang mit Werkzeugen und mit Maschinen wird erlernt und die Sch\u00fcler stellen ihre Werkst\u00fccke nach vorgegebenen oder selbst gefertigten Pl\u00e4nen her.<\/li>\n<\/ul>\n<ul>\n<li><strong>Kunst<\/strong>: 3 St.<br \/>\nZiele dieses Projektes sind insbesondere die kreative Entfaltung sowie die Schulung und Verbesserung der Feinmotorik.<\/li>\n<\/ul>\n<ul>\n<li><strong>Atelier<\/strong>:\u00a03 St.<br \/>\nDieses Projekt zielt auf die St\u00e4rkung der sozialen, personalen sowie methodischen Kompetenzen ab.<\/li>\n<\/ul>\n<\/div><\/section>\n<div  class='hr av-o27ubn-d109294f0012b12b6bfbfbfcc76cfa88 hr-default  avia-builder-el-13  el_after_av_textblock  avia-builder-el-last '><span class='hr-inner '><span class=\"hr-inner-style\"><\/span><\/span><\/div>\n","protected":false},"excerpt":{"rendered":"","protected":false},"author":5,"featured_media":0,"parent":12629,"menu_order":1,"comment_status":"closed","ping_status":"closed","template":"","meta":{"footnotes":""},"class_list":["post-13347","page","type-page","status-publish","hentry"],"_links":{"self":[{"href":"https:\/\/www.bs-ti.be\/home\/wp-json\/wp\/v2\/pages\/13347","targetHints":{"allow":["GET"]}}],"collection":[{"href":"https:\/\/www.bs-ti.be\/home\/wp-json\/wp\/v2\/pages"}],"about":[{"href":"https:\/\/www.bs-ti.be\/home\/wp-json\/wp\/v2\/types\/page"}],"author":[{"embeddable":true,"href":"https:\/\/www.bs-ti.be\/home\/wp-json\/wp\/v2\/users\/5"}],"replies":[{"embeddable":true,"href":"https:\/\/www.bs-ti.be\/home\/wp-json\/wp\/v2\/comments?post=13347"}],"version-history":[{"count":15,"href":"https:\/\/www.bs-ti.be\/home\/wp-json\/wp\/v2\/pages\/13347\/revisions"}],"predecessor-version":[{"id":15257,"href":"https:\/\/www.bs-ti.be\/home\/wp-json\/wp\/v2\/pages\/13347\/revisions\/15257"}],"up":[{"embeddable":true,"href":"https:\/\/www.bs-ti.be\/home\/wp-json\/wp\/v2\/pages\/12629"}],"wp:attachment":[{"href":"https:\/\/www.bs-ti.be\/home\/wp-json\/wp\/v2\/media?parent=13347"}],"curies":[{"name":"wp","href":"https:\/\/api.w.org\/{rel}","templated":true}]}}