{"id":16206,"date":"2020-02-07T10:21:19","date_gmt":"2020-02-07T09:21:19","guid":{"rendered":"http:\/\/www.bs-ti.be\/home\/?page_id=16206"},"modified":"2020-02-07T11:05:44","modified_gmt":"2020-02-07T10:05:44","slug":"walter-heyen","status":"publish","type":"page","link":"https:\/\/www.bs-ti.be\/home\/home\/neuigkeiten\/walter-heyen\/","title":{"rendered":"Walter Heyen"},"content":{"rendered":"<div id='av-layout-grid-1'  class='av-layout-grid-container av-1i4o0ch-8a9d204c3fde6df58cea92daafb5a515 entry-content-wrapper main_color av-flex-cells  avia-builder-el-0  el_before_av_one_full  avia-builder-el-first   container_wrap sidebar_right'  >\n\n<style type=\"text\/css\" data-created_by=\"avia_inline_auto\" id=\"style-css-av-jslrebqf-41ea07491f708bf3552647b6947794c3\">\n.flex_cell.av-jslrebqf-41ea07491f708bf3552647b6947794c3{\nvertical-align:top;\n}\n.responsive #top #wrap_all .flex_cell.av-jslrebqf-41ea07491f708bf3552647b6947794c3{\npadding:30px 0px 0px 0px !important;\n}\n<\/style>\n<div class='flex_cell av-jslrebqf-41ea07491f708bf3552647b6947794c3 av-gridrow-cell av_one_full no_margin  avia-builder-el-1  avia-builder-el-no-sibling  content-align-top'  ><div class='flex_cell_inner'>\n<style type=\"text\/css\" data-created_by=\"avia_inline_auto\" id=\"style-css-av-417vtt-3359b7b6b99720ae5d5d19eb64bb8c62\">\n.flex_column.av-417vtt-3359b7b6b99720ae5d5d19eb64bb8c62{\nborder-radius:0px 0px 0px 0px;\npadding:0px 0px 0px 0px;\n}\n<\/style>\n<div  class='flex_column av-417vtt-3359b7b6b99720ae5d5d19eb64bb8c62 av_one_full  avia-builder-el-2  avia-builder-el-no-sibling  first flex_column_div av-zero-column-padding  '     ><div  class='avia-slideshow av-jslrcbj5-288c16c6399bdf2a29e9721d0c47e3e6 avia-slideshow-featured av_slideshow avia-slide-slider  avia-builder-el-3  avia-builder-el-no-sibling  av-slideshow-ui av-control-default av-slideshow-manual av-loop-once av-loop-manual-endless av-default-height-applied avia-slideshow-1' data-slideshow-options=\"{&quot;animation&quot;:&quot;slide&quot;,&quot;autoplay&quot;:false,&quot;loop_autoplay&quot;:&quot;once&quot;,&quot;interval&quot;:5,&quot;loop_manual&quot;:&quot;manual-endless&quot;,&quot;autoplay_stopper&quot;:false,&quot;noNavigation&quot;:false,&quot;bg_slider&quot;:false,&quot;keep_padding&quot;:false,&quot;hoverpause&quot;:false,&quot;show_slide_delay&quot;:0}\"  itemprop=\"image\" itemscope=\"itemscope\" itemtype=\"https:\/\/schema.org\/ImageObject\" ><ul class='avia-slideshow-inner ' style='padding-bottom: 32.744282744283%;'><li  class='avia-slideshow-slide av-jslrcbj5-288c16c6399bdf2a29e9721d0c47e3e6__0  av-single-slide slide-1 slide-odd'><div data-rel='slideshow-1' class='avia-slide-wrap '   ><img decoding=\"async\" fetchpriority=\"high\" class=\"wp-image-16261 avia-img-lazy-loading-not-16261\"  src=\"https:\/\/www.bs-ti.be\/home\/wp-content\/uploads\/Slider-7.jpg\" width=\"962\" height=\"315\" title='Slider' alt=''  itemprop=\"thumbnailUrl\" srcset=\"https:\/\/www.bs-ti.be\/home\/wp-content\/uploads\/Slider-7.jpg 962w, https:\/\/www.bs-ti.be\/home\/wp-content\/uploads\/Slider-7-768x251.jpg 768w, https:\/\/www.bs-ti.be\/home\/wp-content\/uploads\/Slider-7-705x231.jpg 705w, https:\/\/www.bs-ti.be\/home\/wp-content\/uploads\/Slider-7-450x147.jpg 450w\" sizes=\"(max-width: 962px) 100vw, 962px\" \/><\/div><\/li><\/ul><\/div><\/div>\n<\/div><\/div>\n<\/div><div id='after_grid_row_1'  class='main_color av_default_container_wrap container_wrap sidebar_right'  ><div class='container av-section-cont-open' ><div class='template-page content  av-content-small alpha units'><div class='post-entry post-entry-type-page post-entry-16206'><div class='entry-content-wrapper clearfix'>\n\n<style type=\"text\/css\" data-created_by=\"avia_inline_auto\" id=\"style-css-av-ju0x8knm-accb4e96e7566d1de929a47d3f78d426\">\n.flex_column.av-ju0x8knm-accb4e96e7566d1de929a47d3f78d426{\nborder-radius:0px 0px 0px 0px;\npadding:0px 10px 10px 10px;\n}\n<\/style>\n<div  class='flex_column av-ju0x8knm-accb4e96e7566d1de929a47d3f78d426 av_one_full  avia-builder-el-4  el_after_av_layout_row  el_before_av_one_third  avia-builder-el-first  first flex_column_div  '     ><style type=\"text\/css\" data-created_by=\"avia_inline_auto\" id=\"style-css-av-jqnl7opd-b9f638e7fa4a1b0ab9c272fd251ee947\">\n#top .av_textblock_section.av-jqnl7opd-b9f638e7fa4a1b0ab9c272fd251ee947 .avia_textblock{\nfont-size:16px;\n}\n<\/style>\n<section  class='av_textblock_section av-jqnl7opd-b9f638e7fa4a1b0ab9c272fd251ee947 '   itemscope=\"itemscope\" itemtype=\"https:\/\/schema.org\/CreativeWork\" ><div class='avia_textblock'  itemprop=\"text\" ><p style=\"text-align: center;\"><strong><span style=\"color: #000080;\">Am 04. Februar feierten wir, mit einem St\u00e4ndchen im Schneegest\u00f6ber und begleitet von vielen Gl\u00fcckw\u00fcnschen seitens Sch\u00fclern und Personal,\u00a0<\/span><\/strong><\/p>\n<p style=\"text-align: center;\"><strong><span style=\"color: #000080;\">Walters 70. Geburtstag.<\/span><\/strong><\/p>\n<\/div><\/section><\/div>\n\n<style type=\"text\/css\" data-created_by=\"avia_inline_auto\" id=\"style-css-av-ju0x8knm-accb4e96e7566d1de929a47d3f78d426\">\n.flex_column.av-ju0x8knm-accb4e96e7566d1de929a47d3f78d426{\nborder-radius:0px 0px 0px 0px;\npadding:0px 10px 10px 10px;\n}\n<\/style>\n<div  class='flex_column av-ju0x8knm-accb4e96e7566d1de929a47d3f78d426 av_one_third  avia-builder-el-6  el_after_av_one_full  el_before_av_two_fifth  first flex_column_div  column-top-margin'     ><p>\n<style type=\"text\/css\" data-created_by=\"avia_inline_auto\" id=\"style-css-av-k6by42if-81fadef98507512c71a1848358486a1d\">\n#top .avia-gallery.av-k6by42if-81fadef98507512c71a1848358486a1d .avia-gallery-thumb a{\nwidth:100%;\n}\n<\/style>\n<div  class='avia-gallery av-k6by42if-81fadef98507512c71a1848358486a1d avia_animate_when_visible  avia-builder-el-7  el_before_av_textblock  avia-builder-el-first  deactivate_avia_lazyload avia-gallery-animate avia-gallery-1'  itemprop=\"image\" itemscope=\"itemscope\" itemtype=\"https:\/\/schema.org\/ImageObject\" ><meta itemprop=\"contentURL\" content=\"https:\/\/www.bs-ti.be\/home\/home\/neuigkeiten\/walter-heyen\/\"><div class='avia-gallery-thumb'><a href=\"https:\/\/www.bs-ti.be\/home\/wp-content\/uploads\/Karte-1500x766.jpg\" data-srcset=\"https:\/\/www.bs-ti.be\/home\/wp-content\/uploads\/Karte-1500x766.jpg 1500w, https:\/\/www.bs-ti.be\/home\/wp-content\/uploads\/Karte-768x392.jpg 768w, https:\/\/www.bs-ti.be\/home\/wp-content\/uploads\/Karte-1536x785.jpg 1536w, https:\/\/www.bs-ti.be\/home\/wp-content\/uploads\/Karte-705x360.jpg 705w, https:\/\/www.bs-ti.be\/home\/wp-content\/uploads\/Karte-450x230.jpg 450w, https:\/\/www.bs-ti.be\/home\/wp-content\/uploads\/Karte.jpg 1907w\" data-sizes=\"(max-width: 1500px) 100vw, 1500px\" data-rel='gallery-1' data-prev-img='https:\/\/www.bs-ti.be\/home\/wp-content\/uploads\/Karte-495x400.jpg' class='first_thumb aviaopeninbrowser noLightbox ' data-onclick='1' title='Karte'  itemprop=\"thumbnailUrl\"  ><img decoding=\"async\" fetchpriority=\"high\" class=\"wp-image-16207 avia-img-lazy-loading-not-16207\"   src=\"https:\/\/www.bs-ti.be\/home\/wp-content\/uploads\/Karte-495x400.jpg\" width=\"495\" height=\"400\"  title='Karte' alt='' srcset=\"https:\/\/www.bs-ti.be\/home\/wp-content\/uploads\/Karte-495x400.jpg 495w, https:\/\/www.bs-ti.be\/home\/wp-content\/uploads\/Karte-845x684.jpg 845w\" sizes=\"(max-width: 495px) 100vw, 495px\" \/><div class='big-prev-fake'><img decoding=\"async\" loading=\"lazy\" class=\"wp-image-16207 avia-img-lazy-loading-16207\"  width=\"495\" height=\"400\" src=\"https:\/\/www.bs-ti.be\/home\/wp-content\/uploads\/Karte-495x400.jpg\" title='Karte' alt='' srcset=\"https:\/\/www.bs-ti.be\/home\/wp-content\/uploads\/Karte-495x400.jpg 495w, https:\/\/www.bs-ti.be\/home\/wp-content\/uploads\/Karte-845x684.jpg 845w\" sizes=\"auto, (max-width: 495px) 100vw, 495px\" \/><\/div><\/a><\/div><\/div><br \/>\n<section  class='av_textblock_section av-jqnl7opd-ea25c1540df9cd4b6a980fc7be317810 '   itemscope=\"itemscope\" itemtype=\"https:\/\/schema.org\/CreativeWork\" ><div class='avia_textblock'  itemprop=\"text\" ><p>\u201eDass Du Deinen Humor beh\u00e4ltst und Menschen um Dich herum hast, die diesen mit Dir teilen, das w\u00fcnschen wir Dir.\u201c<\/p>\n<\/div><\/section><br \/>\n\n<style type=\"text\/css\" data-created_by=\"avia_inline_auto\" id=\"style-css-av-k6by42if-ae6eae51221d255a0813f4c3189eae3e\">\n#top .avia-gallery.av-k6by42if-ae6eae51221d255a0813f4c3189eae3e .avia-gallery-thumb a{\nwidth:50%;\n}\n<\/style>\n<div  class='avia-gallery av-k6by42if-ae6eae51221d255a0813f4c3189eae3e avia_animate_when_visible  avia-builder-el-9  el_after_av_textblock  avia-builder-el-last  animations_off avia-gallery-2'  itemprop=\"image\" itemscope=\"itemscope\" itemtype=\"https:\/\/schema.org\/ImageObject\" ><meta itemprop=\"contentURL\" content=\"https:\/\/www.bs-ti.be\/home\/home\/neuigkeiten\/walter-heyen\/\"><div class='avia-gallery-thumb'><a href=\"https:\/\/www.bs-ti.be\/home\/wp-content\/uploads\/Klassenfoto2-1500x941.jpg\" data-srcset=\"https:\/\/www.bs-ti.be\/home\/wp-content\/uploads\/Klassenfoto2-1500x941.jpg 1500w, https:\/\/www.bs-ti.be\/home\/wp-content\/uploads\/Klassenfoto2-768x482.jpg 768w, https:\/\/www.bs-ti.be\/home\/wp-content\/uploads\/Klassenfoto2-1536x964.jpg 1536w, https:\/\/www.bs-ti.be\/home\/wp-content\/uploads\/Klassenfoto2-705x442.jpg 705w, https:\/\/www.bs-ti.be\/home\/wp-content\/uploads\/Klassenfoto2-450x282.jpg 450w, https:\/\/www.bs-ti.be\/home\/wp-content\/uploads\/Klassenfoto2.jpg 1613w\" data-sizes=\"(max-width: 1500px) 100vw, 1500px\" data-rel='gallery-2' data-prev-img='https:\/\/www.bs-ti.be\/home\/wp-content\/uploads\/Klassenfoto2-495x400.jpg' class='first_thumb aviaopeninbrowser noLightbox ' data-onclick='1' title='Klassenfoto2'  itemprop=\"thumbnailUrl\"  ><img decoding=\"async\" fetchpriority=\"high\" class=\"wp-image-16265 avia-img-lazy-loading-not-16265\"   src=\"https:\/\/www.bs-ti.be\/home\/wp-content\/uploads\/Klassenfoto2-495x400.jpg\" width=\"495\" height=\"400\"  title='Klassenfoto2' alt='' srcset=\"https:\/\/www.bs-ti.be\/home\/wp-content\/uploads\/Klassenfoto2-495x400.jpg 495w, https:\/\/www.bs-ti.be\/home\/wp-content\/uploads\/Klassenfoto2-845x684.jpg 845w\" sizes=\"(max-width: 495px) 100vw, 495px\" \/><div class='big-prev-fake'><img decoding=\"async\" loading=\"lazy\" class=\"wp-image-16265 avia-img-lazy-loading-16265\"  width=\"495\" height=\"400\" src=\"https:\/\/www.bs-ti.be\/home\/wp-content\/uploads\/Klassenfoto2-495x400.jpg\" title='Klassenfoto2' alt='' srcset=\"https:\/\/www.bs-ti.be\/home\/wp-content\/uploads\/Klassenfoto2-495x400.jpg 495w, https:\/\/www.bs-ti.be\/home\/wp-content\/uploads\/Klassenfoto2-845x684.jpg 845w\" sizes=\"auto, (max-width: 495px) 100vw, 495px\" \/><\/div><\/a><a href=\"https:\/\/www.bs-ti.be\/home\/wp-content\/uploads\/Klassenfoto1-1500x1021.jpg\" data-srcset=\"https:\/\/www.bs-ti.be\/home\/wp-content\/uploads\/Klassenfoto1-1500x1021.jpg 1500w, https:\/\/www.bs-ti.be\/home\/wp-content\/uploads\/Klassenfoto1-768x523.jpg 768w, https:\/\/www.bs-ti.be\/home\/wp-content\/uploads\/Klassenfoto1-1536x1046.jpg 1536w, https:\/\/www.bs-ti.be\/home\/wp-content\/uploads\/Klassenfoto1-705x480.jpg 705w, https:\/\/www.bs-ti.be\/home\/wp-content\/uploads\/Klassenfoto1-450x306.jpg 450w, https:\/\/www.bs-ti.be\/home\/wp-content\/uploads\/Klassenfoto1.jpg 1592w\" data-sizes=\"(max-width: 1500px) 100vw, 1500px\" data-rel='gallery-2' data-prev-img='https:\/\/www.bs-ti.be\/home\/wp-content\/uploads\/Klassenfoto1-495x400.jpg' class='aviaopeninbrowser noLightbox ' data-onclick='2' title='Klassenfoto1'  itemprop=\"thumbnailUrl\"  ><img decoding=\"async\" fetchpriority=\"high\" class=\"wp-image-16266 avia-img-lazy-loading-not-16266\"   src=\"https:\/\/www.bs-ti.be\/home\/wp-content\/uploads\/Klassenfoto1-495x400.jpg\" width=\"495\" height=\"400\"  title='Klassenfoto1' alt='' srcset=\"https:\/\/www.bs-ti.be\/home\/wp-content\/uploads\/Klassenfoto1-495x400.jpg 495w, https:\/\/www.bs-ti.be\/home\/wp-content\/uploads\/Klassenfoto1-845x684.jpg 845w\" sizes=\"(max-width: 495px) 100vw, 495px\" \/><div class='big-prev-fake'><img decoding=\"async\" loading=\"lazy\" class=\"wp-image-16266 avia-img-lazy-loading-16266\"  width=\"495\" height=\"400\" src=\"https:\/\/www.bs-ti.be\/home\/wp-content\/uploads\/Klassenfoto1-495x400.jpg\" title='Klassenfoto1' alt='' srcset=\"https:\/\/www.bs-ti.be\/home\/wp-content\/uploads\/Klassenfoto1-495x400.jpg 495w, https:\/\/www.bs-ti.be\/home\/wp-content\/uploads\/Klassenfoto1-845x684.jpg 845w\" sizes=\"auto, (max-width: 495px) 100vw, 495px\" \/><\/div><\/a><\/div><\/div><\/p><\/div>\n<style type=\"text\/css\" data-created_by=\"avia_inline_auto\" id=\"style-css-av-ju0x8knm-432c401526453707028ac0e89a4a0cab\">\n.flex_column.av-ju0x8knm-432c401526453707028ac0e89a4a0cab{\nborder-radius:0px 0px 0px 0px;\npadding:0px 10px 10px 10px;\n}\n<\/style>\n<div  class='flex_column av-ju0x8knm-432c401526453707028ac0e89a4a0cab av_two_fifth  avia-builder-el-10  el_after_av_one_third  el_before_av_one_fourth  flex_column_div  column-top-margin'     ><section  class='av_textblock_section av-jqnl7opd-ea25c1540df9cd4b6a980fc7be317810 '   itemscope=\"itemscope\" itemtype=\"https:\/\/schema.org\/CreativeWork\" ><div class='avia_textblock'  itemprop=\"text\" ><h4 style=\"text-align: center;\"><strong><span style=\"color: #000000;\">Walter Heyen, die gute Seele des Hauses BS u. TI;<\/span><\/strong><\/h4>\n<h4 style=\"text-align: center;\"><strong><span style=\"color: #000000;\">Walter,\u00a0 unser\u00a0 wandelnder Geburtstagskalender;<\/span><\/strong><\/h4>\n<h4 style=\"text-align: center;\"><strong><span style=\"color: #000000;\">Walter,\u00a0 mit einem offenen Ohr immer f\u00fcr uns da.<\/span><\/strong><\/h4>\n<\/div><\/section><br \/>\n\n<style type=\"text\/css\" data-created_by=\"avia_inline_auto\" id=\"style-css-av-k6bxyel0-44f49504e4336d1d3b62a9eef358605c\">\n#top .hr.hr-invisible.av-k6bxyel0-44f49504e4336d1d3b62a9eef358605c{\nheight:25px;\n}\n<\/style>\n<div  class='hr av-k6bxyel0-44f49504e4336d1d3b62a9eef358605c hr-invisible  avia-builder-el-12  el_after_av_textblock  el_before_av_gallery '><span class='hr-inner '><span class=\"hr-inner-style\"><\/span><\/span><\/div><br \/>\n\n<style type=\"text\/css\" data-created_by=\"avia_inline_auto\" id=\"style-css-av-k6by42if-c0836bd462e22e9ec24c851486c56b25\">\n#top .avia-gallery.av-k6by42if-c0836bd462e22e9ec24c851486c56b25 .avia-gallery-thumb a{\nwidth:100%;\n}\n<\/style>\n<div  class='avia-gallery av-k6by42if-c0836bd462e22e9ec24c851486c56b25 avia_animate_when_visible  avia-builder-el-13  el_after_av_hr  avia-builder-el-last  animations_off avia-gallery-3'  itemprop=\"image\" itemscope=\"itemscope\" itemtype=\"https:\/\/schema.org\/ImageObject\" ><meta itemprop=\"contentURL\" content=\"https:\/\/www.bs-ti.be\/home\/home\/neuigkeiten\/walter-heyen\/\"><div class='avia-gallery-thumb'><a href=\"https:\/\/www.bs-ti.be\/home\/wp-content\/uploads\/Walter70.jpg\" data-srcset=\"https:\/\/www.bs-ti.be\/home\/wp-content\/uploads\/Walter70.jpg 1084w, https:\/\/www.bs-ti.be\/home\/wp-content\/uploads\/Walter70-300x300.jpg 300w, https:\/\/www.bs-ti.be\/home\/wp-content\/uploads\/Walter70-80x80.jpg 80w, https:\/\/www.bs-ti.be\/home\/wp-content\/uploads\/Walter70-768x769.jpg 768w, https:\/\/www.bs-ti.be\/home\/wp-content\/uploads\/Walter70-36x36.jpg 36w, https:\/\/www.bs-ti.be\/home\/wp-content\/uploads\/Walter70-180x180.jpg 180w, https:\/\/www.bs-ti.be\/home\/wp-content\/uploads\/Walter70-705x705.jpg 705w, https:\/\/www.bs-ti.be\/home\/wp-content\/uploads\/Walter70-120x120.jpg 120w, https:\/\/www.bs-ti.be\/home\/wp-content\/uploads\/Walter70-450x451.jpg 450w\" data-sizes=\"(max-width: 1084px) 100vw, 1084px\" data-rel='gallery-3' data-prev-img='https:\/\/www.bs-ti.be\/home\/wp-content\/uploads\/Walter70-495x400.jpg' class='first_thumb aviaopeninbrowser noLightbox ' data-onclick='1' title='Walter70'  itemprop=\"thumbnailUrl\"  ><img decoding=\"async\" fetchpriority=\"high\" class=\"wp-image-16264 avia-img-lazy-loading-not-16264\"   src=\"https:\/\/www.bs-ti.be\/home\/wp-content\/uploads\/Walter70-495x400.jpg\" width=\"495\" height=\"400\"  title='Walter70' alt='' srcset=\"https:\/\/www.bs-ti.be\/home\/wp-content\/uploads\/Walter70-495x400.jpg 495w, https:\/\/www.bs-ti.be\/home\/wp-content\/uploads\/Walter70-845x684.jpg 845w\" sizes=\"(max-width: 495px) 100vw, 495px\" \/><div class='big-prev-fake'><img decoding=\"async\" loading=\"lazy\" class=\"wp-image-16264 avia-img-lazy-loading-16264\"  width=\"495\" height=\"400\" src=\"https:\/\/www.bs-ti.be\/home\/wp-content\/uploads\/Walter70-495x400.jpg\" title='Walter70' alt='' srcset=\"https:\/\/www.bs-ti.be\/home\/wp-content\/uploads\/Walter70-495x400.jpg 495w, https:\/\/www.bs-ti.be\/home\/wp-content\/uploads\/Walter70-845x684.jpg 845w\" sizes=\"auto, (max-width: 495px) 100vw, 495px\" \/><\/div><\/a><a href=\"https:\/\/www.bs-ti.be\/home\/wp-content\/uploads\/Collage-1500x845.jpg\" data-srcset=\"https:\/\/www.bs-ti.be\/home\/wp-content\/uploads\/Collage-1500x845.jpg 1500w, https:\/\/www.bs-ti.be\/home\/wp-content\/uploads\/Collage-768x433.jpg 768w, https:\/\/www.bs-ti.be\/home\/wp-content\/uploads\/Collage-705x397.jpg 705w, https:\/\/www.bs-ti.be\/home\/wp-content\/uploads\/Collage-450x253.jpg 450w, https:\/\/www.bs-ti.be\/home\/wp-content\/uploads\/Collage.jpg 1536w\" data-sizes=\"(max-width: 1500px) 100vw, 1500px\" data-rel='gallery-3' data-prev-img='https:\/\/www.bs-ti.be\/home\/wp-content\/uploads\/Collage-495x400.jpg' class='first_thumb aviaopeninbrowser noLightbox ' data-onclick='2' title='Collage'  itemprop=\"thumbnailUrl\"  ><img decoding=\"async\" fetchpriority=\"high\" class=\"wp-image-16211 avia-img-lazy-loading-not-16211\"   src=\"https:\/\/www.bs-ti.be\/home\/wp-content\/uploads\/Collage-495x400.jpg\" width=\"495\" height=\"400\"  title='Collage' alt='' srcset=\"https:\/\/www.bs-ti.be\/home\/wp-content\/uploads\/Collage-495x400.jpg 495w, https:\/\/www.bs-ti.be\/home\/wp-content\/uploads\/Collage-845x684.jpg 845w\" sizes=\"(max-width: 495px) 100vw, 495px\" \/><div class='big-prev-fake'><img decoding=\"async\" loading=\"lazy\" class=\"wp-image-16211 avia-img-lazy-loading-16211\"  width=\"495\" height=\"400\" src=\"https:\/\/www.bs-ti.be\/home\/wp-content\/uploads\/Collage-495x400.jpg\" title='Collage' alt='' srcset=\"https:\/\/www.bs-ti.be\/home\/wp-content\/uploads\/Collage-495x400.jpg 495w, https:\/\/www.bs-ti.be\/home\/wp-content\/uploads\/Collage-845x684.jpg 845w\" sizes=\"auto, (max-width: 495px) 100vw, 495px\" \/><\/div><\/a><\/div><\/div><\/p><\/div>\n<style type=\"text\/css\" data-created_by=\"avia_inline_auto\" id=\"style-css-av-ju0x8knm-432c401526453707028ac0e89a4a0cab\">\n.flex_column.av-ju0x8knm-432c401526453707028ac0e89a4a0cab{\nborder-radius:0px 0px 0px 0px;\npadding:0px 10px 10px 10px;\n}\n<\/style>\n<div  class='flex_column av-ju0x8knm-432c401526453707028ac0e89a4a0cab av_one_fourth  avia-builder-el-14  el_after_av_two_fifth  avia-builder-el-last  flex_column_div  column-top-margin'     ><style type=\"text\/css\" data-created_by=\"avia_inline_auto\" id=\"style-css-av-k6by42if-7998330cd995bf8f2f0e881655ace0a0\">\n#top .avia-gallery.av-k6by42if-7998330cd995bf8f2f0e881655ace0a0 .avia-gallery-thumb a{\nwidth:100%;\n}\n<\/style>\n<div  class='avia-gallery av-k6by42if-7998330cd995bf8f2f0e881655ace0a0 avia_animate_when_visible  avia-builder-el-15  avia-builder-el-no-sibling  deactivate_avia_lazyload avia-gallery-animate avia-gallery-4'  itemprop=\"image\" itemscope=\"itemscope\" itemtype=\"https:\/\/schema.org\/ImageObject\" ><meta itemprop=\"contentURL\" content=\"https:\/\/www.bs-ti.be\/home\/home\/neuigkeiten\/walter-heyen\/\"><div class='avia-gallery-thumb'><a href=\"https:\/\/www.bs-ti.be\/home\/wp-content\/uploads\/Lehrer-1500x845.jpg\" data-srcset=\"https:\/\/www.bs-ti.be\/home\/wp-content\/uploads\/Lehrer-1500x845.jpg 1500w, https:\/\/www.bs-ti.be\/home\/wp-content\/uploads\/Lehrer-768x432.jpg 768w, https:\/\/www.bs-ti.be\/home\/wp-content\/uploads\/Lehrer-1536x865.jpg 1536w, https:\/\/www.bs-ti.be\/home\/wp-content\/uploads\/Lehrer-705x397.jpg 705w, https:\/\/www.bs-ti.be\/home\/wp-content\/uploads\/Lehrer-450x253.jpg 450w, https:\/\/www.bs-ti.be\/home\/wp-content\/uploads\/Lehrer.jpg 1920w\" data-sizes=\"(max-width: 1500px) 100vw, 1500px\" data-rel='gallery-4' data-prev-img='https:\/\/www.bs-ti.be\/home\/wp-content\/uploads\/Lehrer-495x400.jpg' class='first_thumb aviaopeninbrowser noLightbox ' data-onclick='1' title='Lehrer'  itemprop=\"thumbnailUrl\"  ><img decoding=\"async\" fetchpriority=\"high\" class=\"wp-image-16208 avia-img-lazy-loading-not-16208\"   src=\"https:\/\/www.bs-ti.be\/home\/wp-content\/uploads\/Lehrer-495x400.jpg\" width=\"495\" height=\"400\"  title='Lehrer' alt='' srcset=\"https:\/\/www.bs-ti.be\/home\/wp-content\/uploads\/Lehrer-495x400.jpg 495w, https:\/\/www.bs-ti.be\/home\/wp-content\/uploads\/Lehrer-845x684.jpg 845w\" sizes=\"(max-width: 495px) 100vw, 495px\" \/><div class='big-prev-fake'><img decoding=\"async\" loading=\"lazy\" class=\"wp-image-16208 avia-img-lazy-loading-16208\"  width=\"495\" height=\"400\" src=\"https:\/\/www.bs-ti.be\/home\/wp-content\/uploads\/Lehrer-495x400.jpg\" title='Lehrer' alt='' srcset=\"https:\/\/www.bs-ti.be\/home\/wp-content\/uploads\/Lehrer-495x400.jpg 495w, https:\/\/www.bs-ti.be\/home\/wp-content\/uploads\/Lehrer-845x684.jpg 845w\" sizes=\"auto, (max-width: 495px) 100vw, 495px\" \/><\/div><\/a><a href=\"https:\/\/www.bs-ti.be\/home\/wp-content\/uploads\/Lehrer_PS_NN-1500x845.jpg\" data-srcset=\"https:\/\/www.bs-ti.be\/home\/wp-content\/uploads\/Lehrer_PS_NN-1500x845.jpg 1500w, https:\/\/www.bs-ti.be\/home\/wp-content\/uploads\/Lehrer_PS_NN-768x432.jpg 768w, https:\/\/www.bs-ti.be\/home\/wp-content\/uploads\/Lehrer_PS_NN-1536x865.jpg 1536w, https:\/\/www.bs-ti.be\/home\/wp-content\/uploads\/Lehrer_PS_NN-705x397.jpg 705w, https:\/\/www.bs-ti.be\/home\/wp-content\/uploads\/Lehrer_PS_NN-450x253.jpg 450w, https:\/\/www.bs-ti.be\/home\/wp-content\/uploads\/Lehrer_PS_NN.jpg 1920w\" data-sizes=\"(max-width: 1500px) 100vw, 1500px\" data-rel='gallery-4' data-prev-img='https:\/\/www.bs-ti.be\/home\/wp-content\/uploads\/Lehrer_PS_NN-495x400.jpg' class='first_thumb aviaopeninbrowser noLightbox ' data-onclick='2' title='Lehrer PS NN'  itemprop=\"thumbnailUrl\"  ><img decoding=\"async\" fetchpriority=\"high\" class=\"wp-image-16213 avia-img-lazy-loading-not-16213\"   src=\"https:\/\/www.bs-ti.be\/home\/wp-content\/uploads\/Lehrer_PS_NN-495x400.jpg\" width=\"495\" height=\"400\"  title='Lehrer PS NN' alt='' srcset=\"https:\/\/www.bs-ti.be\/home\/wp-content\/uploads\/Lehrer_PS_NN-495x400.jpg 495w, https:\/\/www.bs-ti.be\/home\/wp-content\/uploads\/Lehrer_PS_NN-845x684.jpg 845w\" sizes=\"(max-width: 495px) 100vw, 495px\" \/><div class='big-prev-fake'><img decoding=\"async\" loading=\"lazy\" class=\"wp-image-16213 avia-img-lazy-loading-16213\"  width=\"495\" height=\"400\" src=\"https:\/\/www.bs-ti.be\/home\/wp-content\/uploads\/Lehrer_PS_NN-495x400.jpg\" title='Lehrer PS NN' alt='' srcset=\"https:\/\/www.bs-ti.be\/home\/wp-content\/uploads\/Lehrer_PS_NN-495x400.jpg 495w, https:\/\/www.bs-ti.be\/home\/wp-content\/uploads\/Lehrer_PS_NN-845x684.jpg 845w\" sizes=\"auto, (max-width: 495px) 100vw, 495px\" \/><\/div><\/a><\/div><\/div><\/div><\/p>\n","protected":false},"excerpt":{"rendered":"","protected":false},"author":5,"featured_media":0,"parent":15288,"menu_order":3,"comment_status":"closed","ping_status":"closed","template":"","meta":{"footnotes":""},"class_list":["post-16206","page","type-page","status-publish","hentry"],"_links":{"self":[{"href":"https:\/\/www.bs-ti.be\/home\/wp-json\/wp\/v2\/pages\/16206","targetHints":{"allow":["GET"]}}],"collection":[{"href":"https:\/\/www.bs-ti.be\/home\/wp-json\/wp\/v2\/pages"}],"about":[{"href":"https:\/\/www.bs-ti.be\/home\/wp-json\/wp\/v2\/types\/page"}],"author":[{"embeddable":true,"href":"https:\/\/www.bs-ti.be\/home\/wp-json\/wp\/v2\/users\/5"}],"replies":[{"embeddable":true,"href":"https:\/\/www.bs-ti.be\/home\/wp-json\/wp\/v2\/comments?post=16206"}],"version-history":[{"count":32,"href":"https:\/\/www.bs-ti.be\/home\/wp-json\/wp\/v2\/pages\/16206\/revisions"}],"predecessor-version":[{"id":22346,"href":"https:\/\/www.bs-ti.be\/home\/wp-json\/wp\/v2\/pages\/16206\/revisions\/22346"}],"up":[{"embeddable":true,"href":"https:\/\/www.bs-ti.be\/home\/wp-json\/wp\/v2\/pages\/15288"}],"wp:attachment":[{"href":"https:\/\/www.bs-ti.be\/home\/wp-json\/wp\/v2\/media?parent=16206"}],"curies":[{"name":"wp","href":"https:\/\/api.w.org\/{rel}","templated":true}]}}