{"id":20109,"date":"2021-11-29T16:36:32","date_gmt":"2021-11-29T15:36:32","guid":{"rendered":"https:\/\/www.bs-ti.be\/home\/?page_id=20109"},"modified":"2021-11-29T16:43:03","modified_gmt":"2021-11-29T15:43:03","slug":"baseballmeisterschaft-2","status":"publish","type":"page","link":"https:\/\/www.bs-ti.be\/home\/bsti\/baseballmeisterschaft-2\/","title":{"rendered":"Baseballmeisterschaft"},"content":{"rendered":"<div id='av-layout-grid-1'  class='av-layout-grid-container av-1i4o0ch-8a9d204c3fde6df58cea92daafb5a515 entry-content-wrapper main_color av-flex-cells  avia-builder-el-0  el_before_av_three_fifth  avia-builder-el-first   container_wrap sidebar_right'  >\n\n<style type=\"text\/css\" data-created_by=\"avia_inline_auto\" id=\"style-css-av-jslrebqf-41ea07491f708bf3552647b6947794c3\">\n.flex_cell.av-jslrebqf-41ea07491f708bf3552647b6947794c3{\nvertical-align:top;\n}\n.responsive #top #wrap_all .flex_cell.av-jslrebqf-41ea07491f708bf3552647b6947794c3{\npadding:30px 0px 0px 0px !important;\n}\n<\/style>\n<div class='flex_cell av-jslrebqf-41ea07491f708bf3552647b6947794c3 av-gridrow-cell av_one_full no_margin  avia-builder-el-1  avia-builder-el-no-sibling  content-align-top'  ><div class='flex_cell_inner'><p>\n<style type=\"text\/css\" data-created_by=\"avia_inline_auto\" id=\"style-css-av-417vtt-3359b7b6b99720ae5d5d19eb64bb8c62\">\n.flex_column.av-417vtt-3359b7b6b99720ae5d5d19eb64bb8c62{\nborder-radius:0px 0px 0px 0px;\npadding:0px 0px 0px 0px;\n}\n<\/style>\n<div  class='flex_column av-417vtt-3359b7b6b99720ae5d5d19eb64bb8c62 av_one_full  avia-builder-el-2  el_before_av_one_full  avia-builder-el-first  first flex_column_div av-zero-column-padding  '     ><div  class='avia-slideshow av-jxltvjxi-e75fe25b5c7f8ca2552761d5fff95364 avia-slideshow-featured av_slideshow avia-slide-slider  avia-builder-el-3  avia-builder-el-no-sibling  av-slideshow-ui av-control-default av-slideshow-manual av-loop-once av-loop-manual-endless av-default-height-applied avia-slideshow-1' data-slideshow-options=\"{&quot;animation&quot;:&quot;slide&quot;,&quot;autoplay&quot;:false,&quot;loop_autoplay&quot;:&quot;once&quot;,&quot;interval&quot;:5,&quot;loop_manual&quot;:&quot;manual-endless&quot;,&quot;autoplay_stopper&quot;:false,&quot;noNavigation&quot;:false,&quot;bg_slider&quot;:false,&quot;keep_padding&quot;:false,&quot;hoverpause&quot;:false,&quot;show_slide_delay&quot;:0}\"  itemprop=\"image\" itemscope=\"itemscope\" itemtype=\"https:\/\/schema.org\/ImageObject\" ><ul class='avia-slideshow-inner ' style='padding-bottom: 20%;'><li  class='avia-slideshow-slide av-jxltvjxi-e75fe25b5c7f8ca2552761d5fff95364__0  av-single-slide slide-1 slide-odd'><a href=\"https:\/\/www.bs-ti.be\/home\/bsti\/baseballmeisterschaft\/\"  data-rel='slideshow-1' class='avia-slide-wrap '   ><img decoding=\"async\" fetchpriority=\"high\" class=\"wp-image-20110 avia-img-lazy-loading-not-20110\"  src=\"https:\/\/www.bs-ti.be\/home\/wp-content\/uploads\/2021\/11\/Slider.png\" width=\"1500\" height=\"300\" title='Slider' alt=''  itemprop=\"thumbnailUrl\" srcset=\"https:\/\/www.bs-ti.be\/home\/wp-content\/uploads\/2021\/11\/Slider.png 1500w, https:\/\/www.bs-ti.be\/home\/wp-content\/uploads\/2021\/11\/Slider-768x154.png 768w, https:\/\/www.bs-ti.be\/home\/wp-content\/uploads\/2021\/11\/Slider-705x141.png 705w, https:\/\/www.bs-ti.be\/home\/wp-content\/uploads\/2021\/11\/Slider-450x90.png 450w\" sizes=\"(max-width: 1500px) 100vw, 1500px\" \/><\/a><\/li><\/ul><\/div><\/div>\n<style type=\"text\/css\" data-created_by=\"avia_inline_auto\" id=\"style-css-av-jvzclbqw-bf22258a6c740b5148f9e45259f6191d\">\n#top .flex_column.av-jvzclbqw-bf22258a6c740b5148f9e45259f6191d{\nmargin-top:-15%;\nmargin-bottom:0px;\n}\n.flex_column.av-jvzclbqw-bf22258a6c740b5148f9e45259f6191d{\nborder-radius:0px 0px 0px 0px;\npadding:0px 0px 0px 0px;\nbackground-color:rgba(10,10,10,0.2);\n}\n.responsive #top #wrap_all .flex_column.av-jvzclbqw-bf22258a6c740b5148f9e45259f6191d{\nmargin-top:-15%;\nmargin-bottom:0px;\n}\n<\/style>\n<div  class='flex_column av-jvzclbqw-bf22258a6c740b5148f9e45259f6191d av_one_full  avia-builder-el-4  el_after_av_one_full  avia-builder-el-last  first flex_column_div av-zero-column-padding  column-top-margin'     ><style type=\"text\/css\" data-created_by=\"avia_inline_auto\" id=\"style-css-av-jqnl7opd-2441694f451fa48d9afe76ea656548d9\">\n#top .av_textblock_section.av-jqnl7opd-2441694f451fa48d9afe76ea656548d9 .avia_textblock{\nfont-size:40px;\ncolor:#ffffff;\n}\n<\/style>\n<section  class='av_textblock_section av-jqnl7opd-2441694f451fa48d9afe76ea656548d9 '   itemscope=\"itemscope\" itemtype=\"https:\/\/schema.org\/CreativeWork\" ><div class='avia_textblock av_inherit_color'  itemprop=\"text\" ><p style=\"text-align: center;\">Baseballmeisterschaft in B\u00fcllingen<\/p>\n<\/div><\/section><\/div><\/p>\n<\/div><\/div>\n<\/div><div id='after_grid_row_1'  class='main_color av_default_container_wrap container_wrap sidebar_right'  ><div class='container av-section-cont-open' ><div class='template-page content  av-content-small alpha units'><div class='post-entry post-entry-type-page post-entry-20109'><div class='entry-content-wrapper clearfix'>\n\n<style type=\"text\/css\" data-created_by=\"avia_inline_auto\" id=\"style-css-av-oo8y7h-ea1c361794b4d761d052b35e6007f436\">\n.flex_column.av-oo8y7h-ea1c361794b4d761d052b35e6007f436{\nborder-radius:0px 0px 0px 0px;\npadding:0px 0px 0px 0px;\n}\n<\/style>\n<div  class='flex_column av-oo8y7h-ea1c361794b4d761d052b35e6007f436 av_three_fifth  avia-builder-el-6  el_after_av_layout_row  el_before_av_two_fifth  avia-builder-el-first  first flex_column_div av-zero-column-padding  '     ><section  class='av_textblock_section av-jqnl7opd-894303e5b8068f19d225f960b4cfb650 '   itemscope=\"itemscope\" itemtype=\"https:\/\/schema.org\/CreativeWork\" ><div class='avia_textblock'  itemprop=\"text\" ><p>Hochmotiviert und mit einer geballten Ladung Adrenalin im Gep\u00e4ck haben sich drei M\u00e4dchen- und eine Jungenmannschaft der BSTI am Mittwoch, 13. Oktober 2021 auf den Weg nach B\u00fcllingen gemacht, um an der diesj\u00e4hrigen Baseballmeisterschaft teilzunehmen. Die sportliche Veranstaltung wurde durch das BIB organisiert und fand rege Teilnahme mehrerer Schulen der Deutschsprachigen Gemeinschaft.\u00a0 Die SpielerInnen hatten, bei herbstlichen Wetterbedingungen, nicht nur gegen starke Gegner zu k\u00e4mpfen, sondern auch mit der doch sehr kuriosen Z\u00e4hlweise der erzielten Punkte und der etwas irritierenden Interpretation und Auslegung der Spielregeln unterschiedlicher Schiedsrichter.<\/p>\n<p>Die nicht ganz unseren Erwartungen erreichten Platzierungen unserer Mannschaften spiegeln jedoch keinesfalls deren unerm\u00fcdlichen Kampfgeist und bedingungslosen sportlichen Einsatz wieder.<\/p>\n<p>Dennoch war und ist f\u00fcr die BSTI einziger Sieger an diesem doch insgesamt gelungenem, emotionsgeladenem Sportnachmittag, der uns allzeit bekannte Olympische Gedanke:<\/p>\n<p><strong>\u201eDABEISEIN IST ALLES!\u201c<\/strong><\/p>\n<p>Danke allen TeilnehmerInnen<\/p>\n<p>Die Sportlehrer<\/p>\n<\/div><\/section><\/div>\n<style type=\"text\/css\" data-created_by=\"avia_inline_auto\" id=\"style-css-av-2vhkgd-577d3839395aa5a5538d09184f44dd67\">\n.flex_column.av-2vhkgd-577d3839395aa5a5538d09184f44dd67{\nborder-radius:0px 0px 0px 0px;\npadding:0px 0px 0px 0px;\n}\n<\/style>\n<div  class='flex_column av-2vhkgd-577d3839395aa5a5538d09184f44dd67 av_two_fifth  avia-builder-el-8  el_after_av_three_fifth  el_before_av_one_fourth  flex_column_div av-zero-column-padding  '     ><section  class='av_textblock_section av-kwku932z-2785f91cea86c01fec85f45043432f0c '   itemscope=\"itemscope\" itemtype=\"https:\/\/schema.org\/CreativeWork\" ><div class='avia_textblock'  itemprop=\"text\" ><p><img loading=\"lazy\" decoding=\"async\" class=\"alignnone size-full wp-image-20122\" src=\"https:\/\/www.bs-ti.be\/home\/wp-content\/uploads\/2021\/11\/Gruppenfoto_alle.png\" alt=\"\" width=\"2048\" height=\"1536\" srcset=\"https:\/\/www.bs-ti.be\/home\/wp-content\/uploads\/2021\/11\/Gruppenfoto_alle.png 2048w, https:\/\/www.bs-ti.be\/home\/wp-content\/uploads\/2021\/11\/Gruppenfoto_alle-1500x1125.png 1500w, https:\/\/www.bs-ti.be\/home\/wp-content\/uploads\/2021\/11\/Gruppenfoto_alle-768x576.png 768w, https:\/\/www.bs-ti.be\/home\/wp-content\/uploads\/2021\/11\/Gruppenfoto_alle-1536x1152.png 1536w, https:\/\/www.bs-ti.be\/home\/wp-content\/uploads\/2021\/11\/Gruppenfoto_alle-705x529.png 705w, https:\/\/www.bs-ti.be\/home\/wp-content\/uploads\/2021\/11\/Gruppenfoto_alle-450x338.png 450w\" sizes=\"auto, (max-width: 2048px) 100vw, 2048px\" \/><\/p>\n<\/div><\/section><\/div><\/p>\n\n<style type=\"text\/css\" data-created_by=\"avia_inline_auto\" id=\"style-css-av-2pnksct-a4f9b042ef8b4ba43f7f26c59440d987\">\n.flex_column.av-2pnksct-a4f9b042ef8b4ba43f7f26c59440d987{\nborder-radius:0px 0px 0px 0px;\npadding:0px 0px 0px 0px;\n}\n<\/style>\n<div  class='flex_column av-2pnksct-a4f9b042ef8b4ba43f7f26c59440d987 av_one_fourth  avia-builder-el-10  el_after_av_two_fifth  el_before_av_one_fourth  first flex_column_div av-zero-column-padding  '     ><p>\n<style type=\"text\/css\" data-created_by=\"avia_inline_auto\" id=\"style-css-av-kwkt96kq-23e04770125f8c1d2335805f4bf91809\">\n.avia-image-container.av-kwkt96kq-23e04770125f8c1d2335805f4bf91809 img.avia_image{\nbox-shadow:none;\n}\n.avia-image-container.av-kwkt96kq-23e04770125f8c1d2335805f4bf91809 .av-image-caption-overlay-center{\ncolor:#ffffff;\n}\n<\/style>\n<div  class='avia-image-container av-kwkt96kq-23e04770125f8c1d2335805f4bf91809 av-styling- avia-align-center  avia-builder-el-11  el_before_av_textblock  avia-builder-el-first '   itemprop=\"image\" itemscope=\"itemscope\" itemtype=\"https:\/\/schema.org\/ImageObject\" ><div class=\"avia-image-container-inner\"><div class=\"avia-image-overlay-wrap\"><img decoding=\"async\" fetchpriority=\"high\" class='wp-image-20111 avia-img-lazy-loading-not-20111 avia_image ' src=\"https:\/\/www.bs-ti.be\/home\/wp-content\/uploads\/2021\/11\/Kat17_BS.png\" alt='' title='Kat17 BS'  height=\"1536\" width=\"2048\"  itemprop=\"thumbnailUrl\" srcset=\"https:\/\/www.bs-ti.be\/home\/wp-content\/uploads\/2021\/11\/Kat17_BS.png 2048w, https:\/\/www.bs-ti.be\/home\/wp-content\/uploads\/2021\/11\/Kat17_BS-1500x1125.png 1500w, https:\/\/www.bs-ti.be\/home\/wp-content\/uploads\/2021\/11\/Kat17_BS-768x576.png 768w, https:\/\/www.bs-ti.be\/home\/wp-content\/uploads\/2021\/11\/Kat17_BS-1536x1152.png 1536w, https:\/\/www.bs-ti.be\/home\/wp-content\/uploads\/2021\/11\/Kat17_BS-705x529.png 705w, https:\/\/www.bs-ti.be\/home\/wp-content\/uploads\/2021\/11\/Kat17_BS-450x338.png 450w\" sizes=\"(max-width: 2048px) 100vw, 2048px\" \/><\/div><\/div><\/div><br \/>\n<section  class='av_textblock_section av-1zdafgt-8fe6665437ce8009b438d3ed3739a318 '   itemscope=\"itemscope\" itemtype=\"https:\/\/schema.org\/CreativeWork\" ><div class='avia_textblock'  itemprop=\"text\" ><p><strong>Kategorie 17 \u2013 BS<\/strong><\/p>\n<p>Lynn TREINEN<br \/>\nGyla PAQUET<br \/>\nZo\u00e9 BACKES<br \/>\nSally COHNEN<br \/>\nEmilie DETHIER<br \/>\nLola METENS<br \/>\nElisa JAKOBS<br \/>\nDaniella ABOLIANINA<\/p>\n<p>Platz 5 von 6 Mannschafen<\/p>\n<\/div><\/section><\/p><\/div>\n\n<style type=\"text\/css\" data-created_by=\"avia_inline_auto\" id=\"style-css-av-1ljurjh-addd10de9f978f56d2d6024c9e5b42ef\">\n.flex_column.av-1ljurjh-addd10de9f978f56d2d6024c9e5b42ef{\nborder-radius:0px 0px 0px 0px;\npadding:0px 0px 0px 0px;\n}\n<\/style>\n<div  class='flex_column av-1ljurjh-addd10de9f978f56d2d6024c9e5b42ef av_one_fourth  avia-builder-el-13  el_after_av_one_fourth  el_before_av_one_fourth  flex_column_div av-zero-column-padding  '     ><p>\n<style type=\"text\/css\" data-created_by=\"avia_inline_auto\" id=\"style-css-av-kwktbbkh-73a00d791c100a1c0353a2328c30ff88\">\n.avia-image-container.av-kwktbbkh-73a00d791c100a1c0353a2328c30ff88 img.avia_image{\nbox-shadow:none;\n}\n.avia-image-container.av-kwktbbkh-73a00d791c100a1c0353a2328c30ff88 .av-image-caption-overlay-center{\ncolor:#ffffff;\n}\n<\/style>\n<div  class='avia-image-container av-kwktbbkh-73a00d791c100a1c0353a2328c30ff88 av-styling- avia-align-center  avia-builder-el-14  el_before_av_textblock  avia-builder-el-first '   itemprop=\"image\" itemscope=\"itemscope\" itemtype=\"https:\/\/schema.org\/ImageObject\" ><div class=\"avia-image-container-inner\"><div class=\"avia-image-overlay-wrap\"><img decoding=\"async\" fetchpriority=\"high\" class='wp-image-20112 avia-img-lazy-loading-not-20112 avia_image ' src=\"https:\/\/www.bs-ti.be\/home\/wp-content\/uploads\/2021\/11\/Kat17_TI.png\" alt='' title='Kat17 TI'  height=\"1536\" width=\"2048\"  itemprop=\"thumbnailUrl\" srcset=\"https:\/\/www.bs-ti.be\/home\/wp-content\/uploads\/2021\/11\/Kat17_TI.png 2048w, https:\/\/www.bs-ti.be\/home\/wp-content\/uploads\/2021\/11\/Kat17_TI-1500x1125.png 1500w, https:\/\/www.bs-ti.be\/home\/wp-content\/uploads\/2021\/11\/Kat17_TI-768x576.png 768w, https:\/\/www.bs-ti.be\/home\/wp-content\/uploads\/2021\/11\/Kat17_TI-1536x1152.png 1536w, https:\/\/www.bs-ti.be\/home\/wp-content\/uploads\/2021\/11\/Kat17_TI-705x529.png 705w, https:\/\/www.bs-ti.be\/home\/wp-content\/uploads\/2021\/11\/Kat17_TI-450x338.png 450w\" sizes=\"(max-width: 2048px) 100vw, 2048px\" \/><\/div><\/div><\/div><br \/>\n<section  class='av_textblock_section av-kwkt9z1k-e2f12c34a4d01ec95d2cfe64862e805a '   itemscope=\"itemscope\" itemtype=\"https:\/\/schema.org\/CreativeWork\" ><div class='avia_textblock'  itemprop=\"text\" ><p><strong>Kategorie 17 \u2013 TI<\/strong><\/p>\n<p>Lilou ANTOINE<br \/>\nPia LEUFGEN<br \/>\nC\u00e9line SCHMITZ<br \/>\nZo\u00e9 LAMBERTZ<br \/>\nLuna SCHUMACHER<br \/>\nEva THEIS<br \/>\nHannah RENTMEISTER<br \/>\nAnika SCHMETZ<\/p>\n<p>Platz 6 von 6 Mannschaften<\/p>\n<\/div><\/section><\/p><\/div>\n\n<style type=\"text\/css\" data-created_by=\"avia_inline_auto\" id=\"style-css-av-1cswgj1-7b27829102a835968337e81e6d449a66\">\n.flex_column.av-1cswgj1-7b27829102a835968337e81e6d449a66{\nborder-radius:0px 0px 0px 0px;\npadding:0px 0px 0px 0px;\n}\n<\/style>\n<div  class='flex_column av-1cswgj1-7b27829102a835968337e81e6d449a66 av_one_fourth  avia-builder-el-16  el_after_av_one_fourth  el_before_av_one_fourth  flex_column_div av-zero-column-padding  '     ><p>\n<style type=\"text\/css\" data-created_by=\"avia_inline_auto\" id=\"style-css-av-kwktco4w-42f0d058dfa7274e68214286632c8cda\">\n.avia-image-container.av-kwktco4w-42f0d058dfa7274e68214286632c8cda img.avia_image{\nbox-shadow:none;\n}\n.avia-image-container.av-kwktco4w-42f0d058dfa7274e68214286632c8cda .av-image-caption-overlay-center{\ncolor:#ffffff;\n}\n<\/style>\n<div  class='avia-image-container av-kwktco4w-42f0d058dfa7274e68214286632c8cda av-styling- avia-align-center  avia-builder-el-17  el_before_av_textblock  avia-builder-el-first '   itemprop=\"image\" itemscope=\"itemscope\" itemtype=\"https:\/\/schema.org\/ImageObject\" ><div class=\"avia-image-container-inner\"><div class=\"avia-image-overlay-wrap\"><img decoding=\"async\" fetchpriority=\"high\" class='wp-image-20113 avia-img-lazy-loading-not-20113 avia_image ' src=\"https:\/\/www.bs-ti.be\/home\/wp-content\/uploads\/2021\/11\/Kat15_BS.png\" alt='' title='Kat15 BS'  height=\"1536\" width=\"2048\"  itemprop=\"thumbnailUrl\" srcset=\"https:\/\/www.bs-ti.be\/home\/wp-content\/uploads\/2021\/11\/Kat15_BS.png 2048w, https:\/\/www.bs-ti.be\/home\/wp-content\/uploads\/2021\/11\/Kat15_BS-1500x1125.png 1500w, https:\/\/www.bs-ti.be\/home\/wp-content\/uploads\/2021\/11\/Kat15_BS-768x576.png 768w, https:\/\/www.bs-ti.be\/home\/wp-content\/uploads\/2021\/11\/Kat15_BS-1536x1152.png 1536w, https:\/\/www.bs-ti.be\/home\/wp-content\/uploads\/2021\/11\/Kat15_BS-705x529.png 705w, https:\/\/www.bs-ti.be\/home\/wp-content\/uploads\/2021\/11\/Kat15_BS-450x338.png 450w\" sizes=\"(max-width: 2048px) 100vw, 2048px\" \/><\/div><\/div><\/div><br \/>\n<section  class='av_textblock_section av-kwktd3c7-593d8b75da623a2b5b47e415f7d7bd8b '   itemscope=\"itemscope\" itemtype=\"https:\/\/schema.org\/CreativeWork\" ><div class='avia_textblock'  itemprop=\"text\" ><p><strong>Kategorie 15 \u2013 BS<\/strong><\/p>\n<p>Ella TANGETEN<br \/>\nNala THOMMEN<br \/>\nPia PFEIFFER<br \/>\nTabea JENNIGES<br \/>\nMadelaine BORN<br \/>\nAnna Lena PALM<br \/>\nElisabeth JUFFERN<br \/>\nJana PETERS<\/p>\n<p>Platz 6 von 6 Mannschaften<\/p>\n<\/div><\/section><\/p><\/div>\n\n<style type=\"text\/css\" data-created_by=\"avia_inline_auto\" id=\"style-css-av-usjer1-5e8068c4804176acb465565a4a216e0d\">\n.flex_column.av-usjer1-5e8068c4804176acb465565a4a216e0d{\nborder-radius:0px 0px 0px 0px;\npadding:0px 0px 0px 0px;\n}\n<\/style>\n<div  class='flex_column av-usjer1-5e8068c4804176acb465565a4a216e0d av_one_fourth  avia-builder-el-19  el_after_av_one_fourth  avia-builder-el-last  flex_column_div av-zero-column-padding  '     ><p>\n<style type=\"text\/css\" data-created_by=\"avia_inline_auto\" id=\"style-css-av-kwku35nt-b41c404ba2ac565e4deb4f3cf45717c7\">\n.avia-image-container.av-kwku35nt-b41c404ba2ac565e4deb4f3cf45717c7 img.avia_image{\nbox-shadow:none;\n}\n.avia-image-container.av-kwku35nt-b41c404ba2ac565e4deb4f3cf45717c7 .av-image-caption-overlay-center{\ncolor:#ffffff;\n}\n<\/style>\n<div  class='avia-image-container av-kwku35nt-b41c404ba2ac565e4deb4f3cf45717c7 av-styling- avia-align-center  avia-builder-el-20  el_before_av_textblock  avia-builder-el-first '   itemprop=\"image\" itemscope=\"itemscope\" itemtype=\"https:\/\/schema.org\/ImageObject\" ><div class=\"avia-image-container-inner\"><div class=\"avia-image-overlay-wrap\"><img decoding=\"async\" fetchpriority=\"high\" class='wp-image-20114 avia-img-lazy-loading-not-20114 avia_image ' src=\"https:\/\/www.bs-ti.be\/home\/wp-content\/uploads\/2021\/11\/Kat18_BS.png\" alt='' title='Kat18 BS'  height=\"1536\" width=\"2048\"  itemprop=\"thumbnailUrl\" srcset=\"https:\/\/www.bs-ti.be\/home\/wp-content\/uploads\/2021\/11\/Kat18_BS.png 2048w, https:\/\/www.bs-ti.be\/home\/wp-content\/uploads\/2021\/11\/Kat18_BS-1500x1125.png 1500w, https:\/\/www.bs-ti.be\/home\/wp-content\/uploads\/2021\/11\/Kat18_BS-768x576.png 768w, https:\/\/www.bs-ti.be\/home\/wp-content\/uploads\/2021\/11\/Kat18_BS-1536x1152.png 1536w, https:\/\/www.bs-ti.be\/home\/wp-content\/uploads\/2021\/11\/Kat18_BS-705x529.png 705w, https:\/\/www.bs-ti.be\/home\/wp-content\/uploads\/2021\/11\/Kat18_BS-450x338.png 450w\" sizes=\"(max-width: 2048px) 100vw, 2048px\" \/><\/div><\/div><\/div><br \/>\n<section  class='av_textblock_section av-kwktyg0i-1ffebcf5efa59f05d556352c3a7c9d62 '   itemscope=\"itemscope\" itemtype=\"https:\/\/schema.org\/CreativeWork\" ><div class='avia_textblock'  itemprop=\"text\" ><p><strong>Kategorie 18 \u2013 BS<\/strong><\/p>\n<p>David CREMER<br \/>\nJustin KIRCHENS<br \/>\nPierre HENNES<br \/>\nTh\u00e9o CRAVATTE<br \/>\nLoris FURIO<br \/>\nLuca RICHTER<br \/>\nLuca BERTEMES<br \/>\nMika RAUW<\/p>\n<p>Platz 5 von 5 Mannschaften<\/p>\n<\/div><\/section><\/p><\/div>\n","protected":false},"excerpt":{"rendered":"","protected":false},"author":5,"featured_media":0,"parent":12161,"menu_order":2,"comment_status":"closed","ping_status":"closed","template":"","meta":{"footnotes":""},"class_list":["post-20109","page","type-page","status-publish","hentry"],"_links":{"self":[{"href":"https:\/\/www.bs-ti.be\/home\/wp-json\/wp\/v2\/pages\/20109","targetHints":{"allow":["GET"]}}],"collection":[{"href":"https:\/\/www.bs-ti.be\/home\/wp-json\/wp\/v2\/pages"}],"about":[{"href":"https:\/\/www.bs-ti.be\/home\/wp-json\/wp\/v2\/types\/page"}],"author":[{"embeddable":true,"href":"https:\/\/www.bs-ti.be\/home\/wp-json\/wp\/v2\/users\/5"}],"replies":[{"embeddable":true,"href":"https:\/\/www.bs-ti.be\/home\/wp-json\/wp\/v2\/comments?post=20109"}],"version-history":[{"count":5,"href":"https:\/\/www.bs-ti.be\/home\/wp-json\/wp\/v2\/pages\/20109\/revisions"}],"predecessor-version":[{"id":20213,"href":"https:\/\/www.bs-ti.be\/home\/wp-json\/wp\/v2\/pages\/20109\/revisions\/20213"}],"up":[{"embeddable":true,"href":"https:\/\/www.bs-ti.be\/home\/wp-json\/wp\/v2\/pages\/12161"}],"wp:attachment":[{"href":"https:\/\/www.bs-ti.be\/home\/wp-json\/wp\/v2\/media?parent=20109"}],"curies":[{"name":"wp","href":"https:\/\/api.w.org\/{rel}","templated":true}]}}