{"id":20298,"date":"2022-02-21T14:38:34","date_gmt":"2022-02-21T13:38:34","guid":{"rendered":"https:\/\/www.bs-ti.be\/home\/?page_id=20298"},"modified":"2022-02-21T14:38:34","modified_gmt":"2022-02-21T13:38:34","slug":"biathlon","status":"publish","type":"page","link":"https:\/\/www.bs-ti.be\/home\/bsti\/biathlon\/","title":{"rendered":"Biathlon"},"content":{"rendered":"<div id='av-layout-grid-1'  class='av-layout-grid-container av-1i4o0ch-8a9d204c3fde6df58cea92daafb5a515 entry-content-wrapper main_color av-flex-cells  avia-builder-el-0  el_before_av_one_half  avia-builder-el-first   container_wrap sidebar_right'  >\n\n<style type=\"text\/css\" data-created_by=\"avia_inline_auto\" id=\"style-css-av-jslrebqf-41ea07491f708bf3552647b6947794c3\">\n.flex_cell.av-jslrebqf-41ea07491f708bf3552647b6947794c3{\nvertical-align:top;\n}\n.responsive #top #wrap_all .flex_cell.av-jslrebqf-41ea07491f708bf3552647b6947794c3{\npadding:30px 0px 0px 0px !important;\n}\n<\/style>\n<div class='flex_cell av-jslrebqf-41ea07491f708bf3552647b6947794c3 av-gridrow-cell av_one_full no_margin  avia-builder-el-1  avia-builder-el-no-sibling  content-align-top'  ><div class='flex_cell_inner'><p>\n<style type=\"text\/css\" data-created_by=\"avia_inline_auto\" id=\"style-css-av-417vtt-3359b7b6b99720ae5d5d19eb64bb8c62\">\n.flex_column.av-417vtt-3359b7b6b99720ae5d5d19eb64bb8c62{\nborder-radius:0px 0px 0px 0px;\npadding:0px 0px 0px 0px;\n}\n<\/style>\n<div  class='flex_column av-417vtt-3359b7b6b99720ae5d5d19eb64bb8c62 av_one_full  avia-builder-el-2  el_before_av_one_full  avia-builder-el-first  first flex_column_div av-zero-column-padding  '     ><\/div>\n<style type=\"text\/css\" data-created_by=\"avia_inline_auto\" id=\"style-css-av-jvzclbqw-bf22258a6c740b5148f9e45259f6191d\">\n#top .flex_column.av-jvzclbqw-bf22258a6c740b5148f9e45259f6191d{\nmargin-top:-15%;\nmargin-bottom:0px;\n}\n.flex_column.av-jvzclbqw-bf22258a6c740b5148f9e45259f6191d{\nborder-radius:0px 0px 0px 0px;\npadding:0px 0px 0px 0px;\nbackground-color:rgba(10,10,10,0.2);\n}\n.responsive #top #wrap_all .flex_column.av-jvzclbqw-bf22258a6c740b5148f9e45259f6191d{\nmargin-top:-15%;\nmargin-bottom:0px;\n}\n<\/style>\n<div  class='flex_column av-jvzclbqw-bf22258a6c740b5148f9e45259f6191d av_one_full  avia-builder-el-4  el_after_av_one_full  avia-builder-el-last  first flex_column_div av-zero-column-padding  column-top-margin'     ><style type=\"text\/css\" data-created_by=\"avia_inline_auto\" id=\"style-css-av-jqrt86b2-7d1b238d88a90284059b14b06e6b7d17\">\n#top .av_textblock_section.av-jqrt86b2-7d1b238d88a90284059b14b06e6b7d17 .avia_textblock{\nfont-size:40px;\ncolor:#ffffff;\n}\n\n@media only screen and (min-width: 768px) and (max-width: 989px){ \n#top .av_textblock_section.av-jqrt86b2-7d1b238d88a90284059b14b06e6b7d17 .avia_textblock{\nfont-size:30px;\n}\n}\n\n@media only screen and (min-width: 480px) and (max-width: 767px){ \n#top .av_textblock_section.av-jqrt86b2-7d1b238d88a90284059b14b06e6b7d17 .avia_textblock{\nfont-size:20px;\n}\n}\n\n@media only screen and (max-width: 479px){ \n#top .av_textblock_section.av-jqrt86b2-7d1b238d88a90284059b14b06e6b7d17 .avia_textblock{\nfont-size:15px;\n}\n}\n<\/style>\n<section  class='av_textblock_section av-jqrt86b2-7d1b238d88a90284059b14b06e6b7d17 '   itemscope=\"itemscope\" itemtype=\"https:\/\/schema.org\/CreativeWork\" ><div class='avia_textblock av_inherit_color'  itemprop=\"text\" ><p style=\"text-align: center;\">Biathlonnachmittag in Elsenborn<\/p>\n<\/div><\/section><\/div><\/p>\n<\/div><\/div><\/div><div id='after_grid_row_1'  class='main_color av_default_container_wrap container_wrap sidebar_right'  ><div class='container av-section-cont-open' ><div class='template-page content  av-content-small alpha units'><div class='post-entry post-entry-type-page post-entry-20298'><div class='entry-content-wrapper clearfix'>\n<style type=\"text\/css\" data-created_by=\"avia_inline_auto\" id=\"style-css-av-z6hkr9-b74702aaf2ec66e0745179db172b5c39\">\n.flex_column.av-z6hkr9-b74702aaf2ec66e0745179db172b5c39{\nborder-radius:0px 0px 0px 0px;\npadding:0px 0px 0px 0px;\n}\n<\/style>\n<div  class='flex_column av-z6hkr9-b74702aaf2ec66e0745179db172b5c39 av_one_half  avia-builder-el-6  el_after_av_layout_row  el_before_av_one_half  avia-builder-el-first  first flex_column_div av-zero-column-padding  '     ><style type=\"text\/css\" data-created_by=\"avia_inline_auto\" id=\"style-css-av-jqnl7opd-35065aa46aeaa7532f9c47e2a923d40c\">\n#top .av_textblock_section.av-jqnl7opd-35065aa46aeaa7532f9c47e2a923d40c .avia_textblock{\nfont-size:14px;\n}\n<\/style>\n<section  class='av_textblock_section av-jqnl7opd-35065aa46aeaa7532f9c47e2a923d40c '   itemscope=\"itemscope\" itemtype=\"https:\/\/schema.org\/CreativeWork\" ><div class='avia_textblock'  itemprop=\"text\" ><p>Am Mittwoch, dem 17.11.2021 fand an der brandneuen Biathlonanlage in Elsenborn ein Schnuppernachmittag f\u00fcr Sch\u00fcler statt. Die Sch\u00fcler lie\u00dfen sich nicht vom kalten, nassen Wetter die Laune verderben und durften in entspannter Atmosph\u00e4re die Gewehre in die Hand nehmen. Damit mussten sie versuchen, die nur 35mm gro\u00dfen Scheiben stehend oder liegend zu treffen. Au\u00dferdem gab es einen Technikparcours f\u00fcr Inlineskates oder Rollerskis und eine Orientierungslauf\u00fcbung unter der Leitung von Frau M\u00fcllender und Herrn Br\u00fcls. Am Ende des Tages konnten wir in m\u00fcde, aber gl\u00fcckliche Gesichter schauen.<\/p>\n<\/div><\/section><\/div>\n<style type=\"text\/css\" data-created_by=\"avia_inline_auto\" id=\"style-css-av-av_one_half-f7c1061df29de8cca6b42fcf455fe4a0\">\n.flex_column.av-av_one_half-f7c1061df29de8cca6b42fcf455fe4a0{\nborder-radius:0px 0px 0px 0px;\npadding:0px 0px 0px 0px;\n}\n<\/style>\n<div  class='flex_column av-av_one_half-f7c1061df29de8cca6b42fcf455fe4a0 av_one_half  avia-builder-el-8  el_after_av_one_half  avia-builder-el-last  flex_column_div av-zero-column-padding  '     ><style type=\"text\/css\" data-created_by=\"avia_inline_auto\" id=\"style-css-av-av_horizontal_gallery-f5ce163a04191ada49edbe384262b960\">\n.av-horizontal-gallery.av-av_horizontal_gallery-f5ce163a04191ada49edbe384262b960{\npadding:3.75% 0px;;\n}\n.av-horizontal-gallery.av-av_horizontal_gallery-f5ce163a04191ada49edbe384262b960 .av-horizontal-gallery-inner{\npadding-bottom:25%;\n}\n<\/style>\n<div  class='av-horizontal-gallery av-av_horizontal_gallery-f5ce163a04191ada49edbe384262b960 av-horizontal-gallery-large-gap av-horizontal-gallery-enlarge-effect  avia-builder-el-9  avia-builder-el-no-sibling  av-slideshow-ui av-control-default av-slideshow-manual av-loop-once av-loop-manual-endless av-horizontal-gallery-1' data-slideshow-data=\"{&quot;enlarge&quot;:1.3,&quot;animation&quot;:&quot;slide&quot;,&quot;autoplay&quot;:false,&quot;loop_autoplay&quot;:&quot;once&quot;,&quot;interval&quot;:5,&quot;loop_manual&quot;:&quot;manual-endless&quot;,&quot;autoplay_stopper&quot;:false,&quot;noNavigation&quot;:false,&quot;bg_slider&quot;:false,&quot;keep_padding&quot;:&quot;&quot;,&quot;hoverpause&quot;:false,&quot;show_slide_delay&quot;:0}\"  itemprop=\"image\" itemscope=\"itemscope\" itemtype=\"https:\/\/schema.org\/ImageObject\" ><div class='avia-slideshow-arrows avia-slideshow-controls' ><a href='#prev' class='prev-slide av-horizontal-gallery-prev avia-svg-icon avia-font-svg_entypo-fontello' data-av_svg_icon='left-open-big' data-av_iconset='svg_entypo-fontello' tabindex='-1' title=\"Zur\u00fcck\"><svg version=\"1.1\" xmlns=\"http:\/\/www.w3.org\/2000\/svg\" width=\"15\" height=\"32\" viewBox=\"0 0 15 32\" preserveAspectRatio=\"xMidYMid meet\" aria-labelledby='av-svg-title-1' aria-describedby='av-svg-desc-1' role=\"graphics-symbol\" aria-hidden=\"true\">\n<title id='av-svg-title-1'>Zur\u00fcck<\/title>\n<desc id='av-svg-desc-1'>Zur\u00fcck<\/desc>\n<path d=\"M14.464 27.84q0.832 0.832 0 1.536-0.832 0.832-1.536 0l-12.544-12.608q-0.768-0.768 0-1.6l12.544-12.608q0.704-0.832 1.536 0 0.832 0.704 0 1.536l-11.456 11.904z\"><\/path>\n<\/svg><span class='avia_hidden_link_text'>Zur\u00fcck<\/span><\/a><a href='#next' class='next-slide av-horizontal-gallery-next avia-svg-icon avia-font-svg_entypo-fontello' data-av_svg_icon='right-open-big' data-av_iconset='svg_entypo-fontello' tabindex='-1' title=\"Weiter\"><svg version=\"1.1\" xmlns=\"http:\/\/www.w3.org\/2000\/svg\" width=\"15\" height=\"32\" viewBox=\"0 0 15 32\" preserveAspectRatio=\"xMidYMid meet\" aria-labelledby='av-svg-title-2' aria-describedby='av-svg-desc-2' role=\"graphics-symbol\" aria-hidden=\"true\">\n<title id='av-svg-title-2'>Weiter<\/title>\n<desc id='av-svg-desc-2'>Weiter<\/desc>\n<path d=\"M0.416 27.84l11.456-11.84-11.456-11.904q-0.832-0.832 0-1.536 0.832-0.832 1.536 0l12.544 12.608q0.768 0.832 0 1.6l-12.544 12.608q-0.704 0.832-1.536 0-0.832-0.704 0-1.536z\"><\/path>\n<\/svg><span class='avia_hidden_link_text'>Weiter<\/span><\/a><\/div><div class='avia-slideshow-dots avia-slideshow-controls av-horizontal-gallery-dots fade-in'><a href='#1' class='goto-slide active' >1<\/a><a href='#2' class='goto-slide ' >2<\/a><a href='#3' class='goto-slide ' >3<\/a><a href='#4' class='goto-slide ' >4<\/a><\/div><div class='av-horizontal-gallery-inner' data-av-height='25'><div class=\"av-horizontal-gallery-slider\"><div class=\"av-horizontal-gallery-wrap noHover\"><img decoding=\"async\" fetchpriority=\"high\" class='wp-image-20299 avia-img-lazy-loading-not-20299 av-horizontal-gallery-img' width=\"729\" height=\"1500\" src=\"https:\/\/www.bs-ti.be\/home\/wp-content\/uploads\/2022\/02\/20211117_134501-729x1500.jpg\" title='20211117 134501' alt='' srcset=\"https:\/\/www.bs-ti.be\/home\/wp-content\/uploads\/2022\/02\/20211117_134501-729x1500.jpg 729w, https:\/\/www.bs-ti.be\/home\/wp-content\/uploads\/2022\/02\/20211117_134501-768x1581.jpg 768w, https:\/\/www.bs-ti.be\/home\/wp-content\/uploads\/2022\/02\/20211117_134501-746x1536.jpg 746w, https:\/\/www.bs-ti.be\/home\/wp-content\/uploads\/2022\/02\/20211117_134501-995x2048.jpg 995w, https:\/\/www.bs-ti.be\/home\/wp-content\/uploads\/2022\/02\/20211117_134501-343x705.jpg 343w, https:\/\/www.bs-ti.be\/home\/wp-content\/uploads\/2022\/02\/20211117_134501-450x926.jpg 450w, https:\/\/www.bs-ti.be\/home\/wp-content\/uploads\/2022\/02\/20211117_134501-scaled.jpg 1244w\" sizes=\"(max-width: 729px) 100vw, 729px\" \/><a href=\"https:\/\/www.bs-ti.be\/home\/wp-content\/uploads\/2022\/02\/20211117_134501-729x1500.jpg\" data-srcset=\"https:\/\/www.bs-ti.be\/home\/wp-content\/uploads\/2022\/02\/20211117_134501-729x1500.jpg 729w, https:\/\/www.bs-ti.be\/home\/wp-content\/uploads\/2022\/02\/20211117_134501-768x1581.jpg 768w, https:\/\/www.bs-ti.be\/home\/wp-content\/uploads\/2022\/02\/20211117_134501-746x1536.jpg 746w, https:\/\/www.bs-ti.be\/home\/wp-content\/uploads\/2022\/02\/20211117_134501-995x2048.jpg 995w, https:\/\/www.bs-ti.be\/home\/wp-content\/uploads\/2022\/02\/20211117_134501-343x705.jpg 343w, https:\/\/www.bs-ti.be\/home\/wp-content\/uploads\/2022\/02\/20211117_134501-450x926.jpg 450w, https:\/\/www.bs-ti.be\/home\/wp-content\/uploads\/2022\/02\/20211117_134501-scaled.jpg 1244w\" data-sizes=\"(max-width: 729px) 100vw, 729px\" class='av-horizontal-gallery-link avia-svg-icon avia-font-svg_entypo-fontello' data-av_svg_icon='resize-full' data-av_iconset='svg_entypo-fontello' title='20211117 134501' alt='' aria-label='Open image in lightbox: 20211117 134501'><svg version=\"1.1\" xmlns=\"http:\/\/www.w3.org\/2000\/svg\" width=\"25\" height=\"32\" viewBox=\"0 0 25 32\" preserveAspectRatio=\"xMidYMid meet\" aria-labelledby='av-svg-title-3' aria-describedby='av-svg-desc-3' role=\"graphics-symbol\" aria-hidden=\"true\">\n<title id='av-svg-title-3'>Open image in lightbox: 20211117 134501<\/title>\n<desc id='av-svg-desc-3'>Open image in lightbox: 20211117 134501<\/desc>\n<path d=\"M15.232 3.328h10.112v10.112l-3.2-3.968-4.672 4.864-3.2-3.2 4.864-4.672zM7.872 17.536l3.2 3.2-4.864 4.672 3.904 3.2h-10.112v-10.112l3.2 3.904z\"><\/path>\n<\/svg><\/a><\/div><div class=\"av-horizontal-gallery-wrap noHover\"><img decoding=\"async\" fetchpriority=\"high\" class='wp-image-20300 avia-img-lazy-loading-not-20300 av-horizontal-gallery-img' width=\"729\" height=\"1500\" src=\"https:\/\/www.bs-ti.be\/home\/wp-content\/uploads\/2022\/02\/20211117_134550-729x1500.jpg\" title='20211117 134550' alt='' srcset=\"https:\/\/www.bs-ti.be\/home\/wp-content\/uploads\/2022\/02\/20211117_134550-729x1500.jpg 729w, https:\/\/www.bs-ti.be\/home\/wp-content\/uploads\/2022\/02\/20211117_134550-768x1581.jpg 768w, https:\/\/www.bs-ti.be\/home\/wp-content\/uploads\/2022\/02\/20211117_134550-746x1536.jpg 746w, https:\/\/www.bs-ti.be\/home\/wp-content\/uploads\/2022\/02\/20211117_134550-995x2048.jpg 995w, https:\/\/www.bs-ti.be\/home\/wp-content\/uploads\/2022\/02\/20211117_134550-343x705.jpg 343w, https:\/\/www.bs-ti.be\/home\/wp-content\/uploads\/2022\/02\/20211117_134550-450x926.jpg 450w, https:\/\/www.bs-ti.be\/home\/wp-content\/uploads\/2022\/02\/20211117_134550-scaled.jpg 1244w\" sizes=\"(max-width: 729px) 100vw, 729px\" \/><a href=\"https:\/\/www.bs-ti.be\/home\/wp-content\/uploads\/2022\/02\/20211117_134550-729x1500.jpg\" data-srcset=\"https:\/\/www.bs-ti.be\/home\/wp-content\/uploads\/2022\/02\/20211117_134550-729x1500.jpg 729w, https:\/\/www.bs-ti.be\/home\/wp-content\/uploads\/2022\/02\/20211117_134550-768x1581.jpg 768w, https:\/\/www.bs-ti.be\/home\/wp-content\/uploads\/2022\/02\/20211117_134550-746x1536.jpg 746w, https:\/\/www.bs-ti.be\/home\/wp-content\/uploads\/2022\/02\/20211117_134550-995x2048.jpg 995w, https:\/\/www.bs-ti.be\/home\/wp-content\/uploads\/2022\/02\/20211117_134550-343x705.jpg 343w, https:\/\/www.bs-ti.be\/home\/wp-content\/uploads\/2022\/02\/20211117_134550-450x926.jpg 450w, https:\/\/www.bs-ti.be\/home\/wp-content\/uploads\/2022\/02\/20211117_134550-scaled.jpg 1244w\" data-sizes=\"(max-width: 729px) 100vw, 729px\" class='av-horizontal-gallery-link avia-svg-icon avia-font-svg_entypo-fontello' data-av_svg_icon='resize-full' data-av_iconset='svg_entypo-fontello' title='20211117 134550' alt='' aria-label='Open image in lightbox: 20211117 134550'><svg version=\"1.1\" xmlns=\"http:\/\/www.w3.org\/2000\/svg\" width=\"25\" height=\"32\" viewBox=\"0 0 25 32\" preserveAspectRatio=\"xMidYMid meet\" aria-labelledby='av-svg-title-4' aria-describedby='av-svg-desc-4' role=\"graphics-symbol\" aria-hidden=\"true\">\n<title id='av-svg-title-4'>Open image in lightbox: 20211117 134550<\/title>\n<desc id='av-svg-desc-4'>Open image in lightbox: 20211117 134550<\/desc>\n<path d=\"M15.232 3.328h10.112v10.112l-3.2-3.968-4.672 4.864-3.2-3.2 4.864-4.672zM7.872 17.536l3.2 3.2-4.864 4.672 3.904 3.2h-10.112v-10.112l3.2 3.904z\"><\/path>\n<\/svg><\/a><\/div><div class=\"av-horizontal-gallery-wrap noHover\"><img decoding=\"async\" fetchpriority=\"high\" class='wp-image-20301 avia-img-lazy-loading-not-20301 av-horizontal-gallery-img' width=\"729\" height=\"1500\" src=\"https:\/\/www.bs-ti.be\/home\/wp-content\/uploads\/2022\/02\/20211117_135707-729x1500.jpg\" title='20211117 135707' alt='' srcset=\"https:\/\/www.bs-ti.be\/home\/wp-content\/uploads\/2022\/02\/20211117_135707-729x1500.jpg 729w, https:\/\/www.bs-ti.be\/home\/wp-content\/uploads\/2022\/02\/20211117_135707-768x1581.jpg 768w, https:\/\/www.bs-ti.be\/home\/wp-content\/uploads\/2022\/02\/20211117_135707-746x1536.jpg 746w, https:\/\/www.bs-ti.be\/home\/wp-content\/uploads\/2022\/02\/20211117_135707-995x2048.jpg 995w, https:\/\/www.bs-ti.be\/home\/wp-content\/uploads\/2022\/02\/20211117_135707-343x705.jpg 343w, https:\/\/www.bs-ti.be\/home\/wp-content\/uploads\/2022\/02\/20211117_135707-450x926.jpg 450w, https:\/\/www.bs-ti.be\/home\/wp-content\/uploads\/2022\/02\/20211117_135707-scaled.jpg 1244w\" sizes=\"(max-width: 729px) 100vw, 729px\" \/><a href=\"https:\/\/www.bs-ti.be\/home\/wp-content\/uploads\/2022\/02\/20211117_135707-729x1500.jpg\" data-srcset=\"https:\/\/www.bs-ti.be\/home\/wp-content\/uploads\/2022\/02\/20211117_135707-729x1500.jpg 729w, https:\/\/www.bs-ti.be\/home\/wp-content\/uploads\/2022\/02\/20211117_135707-768x1581.jpg 768w, https:\/\/www.bs-ti.be\/home\/wp-content\/uploads\/2022\/02\/20211117_135707-746x1536.jpg 746w, https:\/\/www.bs-ti.be\/home\/wp-content\/uploads\/2022\/02\/20211117_135707-995x2048.jpg 995w, https:\/\/www.bs-ti.be\/home\/wp-content\/uploads\/2022\/02\/20211117_135707-343x705.jpg 343w, https:\/\/www.bs-ti.be\/home\/wp-content\/uploads\/2022\/02\/20211117_135707-450x926.jpg 450w, https:\/\/www.bs-ti.be\/home\/wp-content\/uploads\/2022\/02\/20211117_135707-scaled.jpg 1244w\" data-sizes=\"(max-width: 729px) 100vw, 729px\" class='av-horizontal-gallery-link avia-svg-icon avia-font-svg_entypo-fontello' data-av_svg_icon='resize-full' data-av_iconset='svg_entypo-fontello' title='20211117 135707' alt='' aria-label='Open image in lightbox: 20211117 135707'><svg version=\"1.1\" xmlns=\"http:\/\/www.w3.org\/2000\/svg\" width=\"25\" height=\"32\" viewBox=\"0 0 25 32\" preserveAspectRatio=\"xMidYMid meet\" aria-labelledby='av-svg-title-5' aria-describedby='av-svg-desc-5' role=\"graphics-symbol\" aria-hidden=\"true\">\n<title id='av-svg-title-5'>Open image in lightbox: 20211117 135707<\/title>\n<desc id='av-svg-desc-5'>Open image in lightbox: 20211117 135707<\/desc>\n<path d=\"M15.232 3.328h10.112v10.112l-3.2-3.968-4.672 4.864-3.2-3.2 4.864-4.672zM7.872 17.536l3.2 3.2-4.864 4.672 3.904 3.2h-10.112v-10.112l3.2 3.904z\"><\/path>\n<\/svg><\/a><\/div><div class=\"av-horizontal-gallery-wrap noHover\"><img decoding=\"async\" fetchpriority=\"high\" class='wp-image-20302 avia-img-lazy-loading-not-20302 av-horizontal-gallery-img' width=\"729\" height=\"1500\" src=\"https:\/\/www.bs-ti.be\/home\/wp-content\/uploads\/2022\/02\/20211117_154419-729x1500.jpg\" title='20211117 154419' alt='' srcset=\"https:\/\/www.bs-ti.be\/home\/wp-content\/uploads\/2022\/02\/20211117_154419-729x1500.jpg 729w, https:\/\/www.bs-ti.be\/home\/wp-content\/uploads\/2022\/02\/20211117_154419-768x1581.jpg 768w, https:\/\/www.bs-ti.be\/home\/wp-content\/uploads\/2022\/02\/20211117_154419-746x1536.jpg 746w, https:\/\/www.bs-ti.be\/home\/wp-content\/uploads\/2022\/02\/20211117_154419-995x2048.jpg 995w, https:\/\/www.bs-ti.be\/home\/wp-content\/uploads\/2022\/02\/20211117_154419-343x705.jpg 343w, https:\/\/www.bs-ti.be\/home\/wp-content\/uploads\/2022\/02\/20211117_154419-450x926.jpg 450w, https:\/\/www.bs-ti.be\/home\/wp-content\/uploads\/2022\/02\/20211117_154419-scaled.jpg 1244w\" sizes=\"(max-width: 729px) 100vw, 729px\" \/><a href=\"https:\/\/www.bs-ti.be\/home\/wp-content\/uploads\/2022\/02\/20211117_154419-729x1500.jpg\" data-srcset=\"https:\/\/www.bs-ti.be\/home\/wp-content\/uploads\/2022\/02\/20211117_154419-729x1500.jpg 729w, https:\/\/www.bs-ti.be\/home\/wp-content\/uploads\/2022\/02\/20211117_154419-768x1581.jpg 768w, https:\/\/www.bs-ti.be\/home\/wp-content\/uploads\/2022\/02\/20211117_154419-746x1536.jpg 746w, https:\/\/www.bs-ti.be\/home\/wp-content\/uploads\/2022\/02\/20211117_154419-995x2048.jpg 995w, https:\/\/www.bs-ti.be\/home\/wp-content\/uploads\/2022\/02\/20211117_154419-343x705.jpg 343w, https:\/\/www.bs-ti.be\/home\/wp-content\/uploads\/2022\/02\/20211117_154419-450x926.jpg 450w, https:\/\/www.bs-ti.be\/home\/wp-content\/uploads\/2022\/02\/20211117_154419-scaled.jpg 1244w\" data-sizes=\"(max-width: 729px) 100vw, 729px\" class='av-horizontal-gallery-link avia-svg-icon avia-font-svg_entypo-fontello' data-av_svg_icon='resize-full' data-av_iconset='svg_entypo-fontello' title='20211117 154419' alt='' aria-label='Open image in lightbox: 20211117 154419'><svg version=\"1.1\" xmlns=\"http:\/\/www.w3.org\/2000\/svg\" width=\"25\" height=\"32\" viewBox=\"0 0 25 32\" preserveAspectRatio=\"xMidYMid meet\" aria-labelledby='av-svg-title-6' aria-describedby='av-svg-desc-6' role=\"graphics-symbol\" aria-hidden=\"true\">\n<title id='av-svg-title-6'>Open image in lightbox: 20211117 154419<\/title>\n<desc id='av-svg-desc-6'>Open image in lightbox: 20211117 154419<\/desc>\n<path d=\"M15.232 3.328h10.112v10.112l-3.2-3.968-4.672 4.864-3.2-3.2 4.864-4.672zM7.872 17.536l3.2 3.2-4.864 4.672 3.904 3.2h-10.112v-10.112l3.2 3.904z\"><\/path>\n<\/svg><\/a><\/div><\/div><\/div><\/div><\/div><\/p>\n","protected":false},"excerpt":{"rendered":"","protected":false},"author":5,"featured_media":0,"parent":12161,"menu_order":6,"comment_status":"closed","ping_status":"closed","template":"","meta":{"footnotes":""},"class_list":["post-20298","page","type-page","status-publish","hentry"],"_links":{"self":[{"href":"https:\/\/www.bs-ti.be\/home\/wp-json\/wp\/v2\/pages\/20298","targetHints":{"allow":["GET"]}}],"collection":[{"href":"https:\/\/www.bs-ti.be\/home\/wp-json\/wp\/v2\/pages"}],"about":[{"href":"https:\/\/www.bs-ti.be\/home\/wp-json\/wp\/v2\/types\/page"}],"author":[{"embeddable":true,"href":"https:\/\/www.bs-ti.be\/home\/wp-json\/wp\/v2\/users\/5"}],"replies":[{"embeddable":true,"href":"https:\/\/www.bs-ti.be\/home\/wp-json\/wp\/v2\/comments?post=20298"}],"version-history":[{"count":4,"href":"https:\/\/www.bs-ti.be\/home\/wp-json\/wp\/v2\/pages\/20298\/revisions"}],"predecessor-version":[{"id":20307,"href":"https:\/\/www.bs-ti.be\/home\/wp-json\/wp\/v2\/pages\/20298\/revisions\/20307"}],"up":[{"embeddable":true,"href":"https:\/\/www.bs-ti.be\/home\/wp-json\/wp\/v2\/pages\/12161"}],"wp:attachment":[{"href":"https:\/\/www.bs-ti.be\/home\/wp-json\/wp\/v2\/media?parent=20298"}],"curies":[{"name":"wp","href":"https:\/\/api.w.org\/{rel}","templated":true}]}}