{"id":20949,"date":"2022-06-06T16:26:38","date_gmt":"2022-06-06T14:26:38","guid":{"rendered":"https:\/\/www.bs-ti.be\/home\/?page_id=20949"},"modified":"2022-06-06T16:26:38","modified_gmt":"2022-06-06T14:26:38","slug":"deutsch-leistungskurs","status":"publish","type":"page","link":"https:\/\/www.bs-ti.be\/home\/gymnasium\/deutsch-leistungskurs\/","title":{"rendered":"Deutsch Leistungskurs"},"content":{"rendered":"<div id='av-layout-grid-1'  class='av-layout-grid-container av-1i4o0ch-8a9d204c3fde6df58cea92daafb5a515 entry-content-wrapper main_color av-flex-cells  avia-builder-el-0  el_before_av_one_full  avia-builder-el-first   container_wrap sidebar_right'  >\n\n<style type=\"text\/css\" data-created_by=\"avia_inline_auto\" id=\"style-css-av-jslrebqf-41ea07491f708bf3552647b6947794c3\">\n.flex_cell.av-jslrebqf-41ea07491f708bf3552647b6947794c3{\nvertical-align:top;\n}\n.responsive #top #wrap_all .flex_cell.av-jslrebqf-41ea07491f708bf3552647b6947794c3{\npadding:30px 0px 0px 0px !important;\n}\n<\/style>\n<div class='flex_cell av-jslrebqf-41ea07491f708bf3552647b6947794c3 av-gridrow-cell av_one_full no_margin  avia-builder-el-1  avia-builder-el-no-sibling  content-align-top'  ><div class='flex_cell_inner'><p>\n<style type=\"text\/css\" data-created_by=\"avia_inline_auto\" id=\"style-css-av-417vtt-795c79977eec5eeba7a7cda40fd13c67\">\n.flex_column.av-417vtt-795c79977eec5eeba7a7cda40fd13c67{\nborder-radius:0px 0px 0px 0px;\npadding:0px 0px 0px 0px;\n}\n<\/style>\n<div  class='flex_column av-417vtt-795c79977eec5eeba7a7cda40fd13c67 av_one_full  avia-builder-el-2  el_before_av_one_full  avia-builder-el-first  first flex_column_div av-zero-column-padding  '     ><div  class='avia-slideshow av-jslrcbj5-acf5e14173d2ede4df958eb4d4928e75 avia-slideshow-featured_large av_slideshow avia-slide-slider  avia-builder-el-3  avia-builder-el-no-sibling  av-slideshow-ui av-control-default av-slideshow-manual av-loop-once av-loop-manual-endless av-default-height-applied avia-slideshow-1' data-slideshow-options=\"{&quot;animation&quot;:&quot;slide&quot;,&quot;autoplay&quot;:false,&quot;loop_autoplay&quot;:&quot;once&quot;,&quot;interval&quot;:5,&quot;loop_manual&quot;:&quot;manual-endless&quot;,&quot;autoplay_stopper&quot;:false,&quot;noNavigation&quot;:false,&quot;bg_slider&quot;:false,&quot;keep_padding&quot;:false,&quot;hoverpause&quot;:false,&quot;show_slide_delay&quot;:0}\"  itemprop=\"image\" itemscope=\"itemscope\" itemtype=\"https:\/\/schema.org\/ImageObject\" ><ul class='avia-slideshow-inner ' style='padding-bottom: 20%;'><li  class='avia-slideshow-slide av-jslrcbj5-acf5e14173d2ede4df958eb4d4928e75__0  av-single-slide slide-1 slide-odd'><div data-rel='slideshow-1' class='avia-slide-wrap '   ><img decoding=\"async\" fetchpriority=\"high\" class=\"wp-image-13245 avia-img-lazy-loading-not-13245\"  src=\"https:\/\/www.bs-ti.be\/home\/wp-content\/uploads\/Sprachen4-1-1500x300.jpg\" width=\"1500\" height=\"300\" title='Sprachen4' alt=''  itemprop=\"thumbnailUrl\" srcset=\"https:\/\/www.bs-ti.be\/home\/wp-content\/uploads\/Sprachen4-1.jpg 1500w, https:\/\/www.bs-ti.be\/home\/wp-content\/uploads\/Sprachen4-1-768x154.jpg 768w, https:\/\/www.bs-ti.be\/home\/wp-content\/uploads\/Sprachen4-1-705x141.jpg 705w, https:\/\/www.bs-ti.be\/home\/wp-content\/uploads\/Sprachen4-1-450x90.jpg 450w\" sizes=\"(max-width: 1500px) 100vw, 1500px\" \/><\/div><\/li><\/ul><\/div><\/div>\n<style type=\"text\/css\" data-created_by=\"avia_inline_auto\" id=\"style-css-av-jslnbita-499bf61de8f7cf1a59166df352d0e660\">\n#top .flex_column.av-jslnbita-499bf61de8f7cf1a59166df352d0e660{\nmargin-top:-15%;\nmargin-bottom:0px;\n}\n.flex_column.av-jslnbita-499bf61de8f7cf1a59166df352d0e660{\nborder-radius:0px 0px 0px 0px;\npadding:0px 0px 0px 0px;\nbackground-color:rgba(10,10,10,0.2);\n}\n.responsive #top #wrap_all .flex_column.av-jslnbita-499bf61de8f7cf1a59166df352d0e660{\nmargin-top:-15%;\nmargin-bottom:0px;\n}\n<\/style>\n<div  class='flex_column av-jslnbita-499bf61de8f7cf1a59166df352d0e660 av_one_full  avia-builder-el-4  el_after_av_one_full  avia-builder-el-last  first no_margin flex_column_div av-zero-column-padding  column-top-margin'     ><style type=\"text\/css\" data-created_by=\"avia_inline_auto\" id=\"style-css-av-jqrt86b2-7d1b238d88a90284059b14b06e6b7d17\">\n#top .av_textblock_section.av-jqrt86b2-7d1b238d88a90284059b14b06e6b7d17 .avia_textblock{\nfont-size:40px;\ncolor:#ffffff;\n}\n\n@media only screen and (min-width: 768px) and (max-width: 989px){ \n#top .av_textblock_section.av-jqrt86b2-7d1b238d88a90284059b14b06e6b7d17 .avia_textblock{\nfont-size:30px;\n}\n}\n\n@media only screen and (min-width: 480px) and (max-width: 767px){ \n#top .av_textblock_section.av-jqrt86b2-7d1b238d88a90284059b14b06e6b7d17 .avia_textblock{\nfont-size:20px;\n}\n}\n\n@media only screen and (max-width: 479px){ \n#top .av_textblock_section.av-jqrt86b2-7d1b238d88a90284059b14b06e6b7d17 .avia_textblock{\nfont-size:15px;\n}\n}\n<\/style>\n<section  class='av_textblock_section av-jqrt86b2-7d1b238d88a90284059b14b06e6b7d17 '   itemscope=\"itemscope\" itemtype=\"https:\/\/schema.org\/CreativeWork\" ><div class='avia_textblock av_inherit_color'  itemprop=\"text\" ><p style=\"text-align: center;\"><b>DEUTSCH LEISTUNGSKURS<\/b><\/p>\n<\/div><\/section><\/div><\/p>\n<\/div><\/div><\/div><div id='after_grid_row_1'  class='main_color av_default_container_wrap container_wrap sidebar_right'  ><div class='container av-section-cont-open' ><div class='template-page content  av-content-small alpha units'><div class='post-entry post-entry-type-page post-entry-20949'><div class='entry-content-wrapper clearfix'><div  class='flex_column av-av_one_full-a93934ecd89fbb8a9566d39e89cd3725 av_one_full  avia-builder-el-6  el_after_av_layout_row  avia-builder-el-no-sibling  first flex_column_div  '     ><section  class='av_textblock_section av-l42ttdxb-849fd346a8ac22507ea99a89cb9f76e5 '   itemscope=\"itemscope\" itemtype=\"https:\/\/schema.org\/CreativeWork\" ><div class='avia_textblock'  itemprop=\"text\" ><p>Ab dem 5. Jahr w\u00e4hlbar, will der Leistungskurs Deutsch &#8211; gezielter und intensiver als der Grundkurs &#8211; dem Sch\u00fcler die M\u00f6glichkeit geben, seine Pers\u00f6nlichkeit, seine Urteilskraft und seine Kommunikationsf\u00e4higkeit zu entfalten. So wird der gr\u00f6\u00dfte Teil der Zeit dem Umgang mit Texten aller Art gewidmet sein, der Interpretation und Aktualisierung von literarischen oder nicht-literarischen Werken sowie dem kreativen Umgang mit gesprochener und geschriebener Sprache.<\/p>\n<p>Daneben gibt der Unterricht einen Einblick in die Humanwissenschaften und kann als Grundlage f\u00fcr Philosophie, Psychologie, Geschichte, Kunstgeschichte, \u2026 dienen. Au\u00dferdem spielt der kreative Umgang mit modernen Medien (Film und Ton) eine zentrale Rolle. Somit bietet der Kursus einen guten Einstieg in die Felder Kommunikation und Medien.<\/p>\n<\/div><\/section><\/div><\/p>\n","protected":false},"excerpt":{"rendered":"","protected":false},"author":5,"featured_media":0,"parent":12203,"menu_order":1,"comment_status":"closed","ping_status":"closed","template":"","meta":{"footnotes":""},"class_list":["post-20949","page","type-page","status-publish","hentry"],"_links":{"self":[{"href":"https:\/\/www.bs-ti.be\/home\/wp-json\/wp\/v2\/pages\/20949","targetHints":{"allow":["GET"]}}],"collection":[{"href":"https:\/\/www.bs-ti.be\/home\/wp-json\/wp\/v2\/pages"}],"about":[{"href":"https:\/\/www.bs-ti.be\/home\/wp-json\/wp\/v2\/types\/page"}],"author":[{"embeddable":true,"href":"https:\/\/www.bs-ti.be\/home\/wp-json\/wp\/v2\/users\/5"}],"replies":[{"embeddable":true,"href":"https:\/\/www.bs-ti.be\/home\/wp-json\/wp\/v2\/comments?post=20949"}],"version-history":[{"count":2,"href":"https:\/\/www.bs-ti.be\/home\/wp-json\/wp\/v2\/pages\/20949\/revisions"}],"predecessor-version":[{"id":20964,"href":"https:\/\/www.bs-ti.be\/home\/wp-json\/wp\/v2\/pages\/20949\/revisions\/20964"}],"up":[{"embeddable":true,"href":"https:\/\/www.bs-ti.be\/home\/wp-json\/wp\/v2\/pages\/12203"}],"wp:attachment":[{"href":"https:\/\/www.bs-ti.be\/home\/wp-json\/wp\/v2\/media?parent=20949"}],"curies":[{"name":"wp","href":"https:\/\/api.w.org\/{rel}","templated":true}]}}

<div id='av-layout-grid-1'  class='av-layout-grid-container av-1i4o0ch-8a9d204c3fde6df58cea92daafb5a515 entry-content-wrapper main_color av-flex-cells  avia-builder-el-0  el_before_av_one_full  avia-builder-el-first   container_wrap sidebar_right'  >

<style type="text/css" data-created_by="avia_inline_auto" id="style-css-av-jslrebqf-41ea07491f708bf3552647b6947794c3">
.flex_cell.av-jslrebqf-41ea07491f708bf3552647b6947794c3{
vertical-align:top;
}
.responsive #top #wrap_all .flex_cell.av-jslrebqf-41ea07491f708bf3552647b6947794c3{
padding:30px 0px 0px 0px !important;
}
</style>
<div class='flex_cell av-jslrebqf-41ea07491f708bf3552647b6947794c3 av-gridrow-cell av_one_full no_margin  avia-builder-el-1  avia-builder-el-no-sibling  content-align-top'  ><div class='flex_cell_inner'><p>
<style type="text/css" data-created_by="avia_inline_auto" id="style-css-av-417vtt-795c79977eec5eeba7a7cda40fd13c67">
.flex_column.av-417vtt-795c79977eec5eeba7a7cda40fd13c67{
border-radius:0px 0px 0px 0px;
padding:0px 0px 0px 0px;
}
</style>
<div  class='flex_column av-417vtt-795c79977eec5eeba7a7cda40fd13c67 av_one_full  avia-builder-el-2  el_before_av_one_full  avia-builder-el-first  first flex_column_div av-zero-column-padding  '     ><div  class='avia-slideshow av-jslrcbj5-acf5e14173d2ede4df958eb4d4928e75 avia-slideshow-featured_large av_slideshow avia-slide-slider  avia-builder-el-3  avia-builder-el-no-sibling  av-slideshow-ui av-control-default av-slideshow-manual av-loop-once av-loop-manual-endless av-default-height-applied avia-slideshow-1' data-slideshow-options="{&quot;animation&quot;:&quot;slide&quot;,&quot;autoplay&quot;:false,&quot;loop_autoplay&quot;:&quot;once&quot;,&quot;interval&quot;:5,&quot;loop_manual&quot;:&quot;manual-endless&quot;,&quot;autoplay_stopper&quot;:false,&quot;noNavigation&quot;:false,&quot;bg_slider&quot;:false,&quot;keep_padding&quot;:false,&quot;hoverpause&quot;:false,&quot;show_slide_delay&quot;:0}"  itemprop="image" itemscope="itemscope" itemtype="https://schema.org/ImageObject" ><ul class='avia-slideshow-inner ' style='padding-bottom: 20%;'><li  class='avia-slideshow-slide av-jslrcbj5-acf5e14173d2ede4df958eb4d4928e75__0  av-single-slide slide-1 slide-odd'><div data-rel='slideshow-1' class='avia-slide-wrap '   ><img decoding="async" fetchpriority="high" class="wp-image-13245 avia-img-lazy-loading-not-13245"  src="https://www.bs-ti.be/home/wp-content/uploads/Sprachen4-1-1500x300.jpg" width="1500" height="300" title='Sprachen4' alt=''  itemprop="thumbnailUrl" srcset="https://www.bs-ti.be/home/wp-content/uploads/Sprachen4-1.jpg 1500w, https://www.bs-ti.be/home/wp-content/uploads/Sprachen4-1-768x154.jpg 768w, https://www.bs-ti.be/home/wp-content/uploads/Sprachen4-1-705x141.jpg 705w, https://www.bs-ti.be/home/wp-content/uploads/Sprachen4-1-450x90.jpg 450w" sizes="(max-width: 1500px) 100vw, 1500px" /></div></li></ul></div></div>
<style type="text/css" data-created_by="avia_inline_auto" id="style-css-av-jslnbita-499bf61de8f7cf1a59166df352d0e660">
#top .flex_column.av-jslnbita-499bf61de8f7cf1a59166df352d0e660{
margin-top:-15%;
margin-bottom:0px;
}
.flex_column.av-jslnbita-499bf61de8f7cf1a59166df352d0e660{
border-radius:0px 0px 0px 0px;
padding:0px 0px 0px 0px;
background-color:rgba(10,10,10,0.2);
}
.responsive #top #wrap_all .flex_column.av-jslnbita-499bf61de8f7cf1a59166df352d0e660{
margin-top:-15%;
margin-bottom:0px;
}
</style>
<div  class='flex_column av-jslnbita-499bf61de8f7cf1a59166df352d0e660 av_one_full  avia-builder-el-4  el_after_av_one_full  avia-builder-el-last  first no_margin flex_column_div av-zero-column-padding  column-top-margin'     ><style type="text/css" data-created_by="avia_inline_auto" id="style-css-av-jqrt86b2-7d1b238d88a90284059b14b06e6b7d17">
#top .av_textblock_section.av-jqrt86b2-7d1b238d88a90284059b14b06e6b7d17 .avia_textblock{
font-size:40px;
color:#ffffff;
}

@media only screen and (min-width: 768px) and (max-width: 989px){ 
#top .av_textblock_section.av-jqrt86b2-7d1b238d88a90284059b14b06e6b7d17 .avia_textblock{
font-size:30px;
}
}

@media only screen and (min-width: 480px) and (max-width: 767px){ 
#top .av_textblock_section.av-jqrt86b2-7d1b238d88a90284059b14b06e6b7d17 .avia_textblock{
font-size:20px;
}
}

@media only screen and (max-width: 479px){ 
#top .av_textblock_section.av-jqrt86b2-7d1b238d88a90284059b14b06e6b7d17 .avia_textblock{
font-size:15px;
}
}
</style>
<section  class='av_textblock_section av-jqrt86b2-7d1b238d88a90284059b14b06e6b7d17 '   itemscope="itemscope" itemtype="https://schema.org/CreativeWork" ><div class='avia_textblock av_inherit_color'  itemprop="text" ><p style="text-align: center;"><b>DEUTSCH LEISTUNGSKURS</b></p>
</div></section></div></p>
</div></div></div><div id='after_grid_row_1'  class='main_color av_default_container_wrap container_wrap sidebar_right'  ><div class='container av-section-cont-open' ><div class='template-page content  av-content-small alpha units'><div class='post-entry post-entry-type-page post-entry-20949'><div class='entry-content-wrapper clearfix'><div  class='flex_column av-av_one_full-a93934ecd89fbb8a9566d39e89cd3725 av_one_full  avia-builder-el-6  el_after_av_layout_row  avia-builder-el-no-sibling  first flex_column_div  '     ><section  class='av_textblock_section av-l42ttdxb-849fd346a8ac22507ea99a89cb9f76e5 '   itemscope="itemscope" itemtype="https://schema.org/CreativeWork" ><div class='avia_textblock'  itemprop="text" ><p>Ab dem 5. Jahr wählbar, will der Leistungskurs Deutsch &#8211; gezielter und intensiver als der Grundkurs &#8211; dem Schüler die Möglichkeit geben, seine Persönlichkeit, seine Urteilskraft und seine Kommunikationsfähigkeit zu entfalten. So wird der größte Teil der Zeit dem Umgang mit Texten aller Art gewidmet sein, der Interpretation und Aktualisierung von literarischen oder nicht-literarischen Werken sowie dem kreativen Umgang mit gesprochener und geschriebener Sprache.</p>
<p>Daneben gibt der Unterricht einen Einblick in die Humanwissenschaften und kann als Grundlage für Philosophie, Psychologie, Geschichte, Kunstgeschichte, … dienen. Außerdem spielt der kreative Umgang mit modernen Medien (Film und Ton) eine zentrale Rolle. Somit bietet der Kursus einen guten Einstieg in die Felder Kommunikation und Medien.</p>
</div></section></div></p>
